{"id":349,"date":"2025-02-24T06:04:46","date_gmt":"2025-02-24T05:04:46","guid":{"rendered":"https:\/\/ics.science.upjs.sk\/vma\/?page_id=349"},"modified":"2025-06-27T09:20:21","modified_gmt":"2025-06-27T07:20:21","slug":"aplikacie-2025","status":"publish","type":"page","link":"https:\/\/ics.science.upjs.sk\/vma\/aplikacie-2025\/","title":{"rendered":"Harmonogram a aplik\u00e1cie"},"content":{"rendered":"<p><a href=\"https:\/\/gitlab.science.upjs.sk\/vma2024\">Gitlab repozit\u00e1r<\/a><\/p>\n<h2>Aplik\u00e1cie<\/h2>\n<ul>\n<li>Hangman (v jave) &#8211; <a href=\"https:\/\/vma-uinf.netlify.app\/hangman\">CODELAB<\/a> + <a href=\"https:\/\/gitlab.science.upjs.sk\/vma2024\/hangman\">k\u00f3d<\/a><\/li>\n<li>Hangman (v kotline) &#8211; <a href=\"https:\/\/vma-uinf.netlify.app\/hangman-kotlin\">CODELAB<\/a> + <a href=\"https:\/\/gitlab.science.upjs.sk\/vma2024\/hangman-kotlin\">k\u00f3d<\/a><\/li>\n<li>Weblinks (crud oper\u00e1cie, recycler view) &#8211; <a href=\"https:\/\/vma-uinf.netlify.app\/weblinks\">CODELAB<\/a> + <a href=\"https:\/\/gitlab.science.upjs.sk\/vma2024\/weblinks\">k\u00f3d<\/a>,<\/li>\n<li>Weblinks (Room datab\u00e1za) &#8211;\u00a0 <a href=\"https:\/\/vma-uinf.netlify.app\/weblinks-room\">CODELAB<\/a> + <a href=\"https:\/\/gitlab.science.upjs.sk\/vma2024\/weblinks-room-db\">k\u00f3d<\/a><\/li>\n<li>OpenDataGame (REST, datab\u00e1za) &#8211; <a href=\"https:\/\/vma-uinf.netlify.app\/open-data-game\">CODELAB<\/a> + <a href=\"https:\/\/gitlab.science.upjs.sk\/vma2024\/open-data-game\">k\u00f3d<\/a><\/li>\n<li>Call log (Permissions, Fragmenty) &#8211; <a href=\"https:\/\/vma-uinf.netlify.app\/callog\">CODELAB<\/a> + <a href=\"https:\/\/gitlab.science.upjs.sk\/vma2024\/calllog\">k\u00f3d<\/a><\/li>\n<li><del>Kompas<\/del> Compose Demo\u00a0(Jetpack Compose) &#8211; <a href=\"https:\/\/vma-uinf.netlify.app\/kompas\/#0\">CODELAB<\/a> + <a href=\"https:\/\/gitlab.science.upjs.sk\/vma2024\/composedemo\">k\u00f3d<\/a><\/li>\n<li>Compose &#8211; Sensor Recorder &#8211; k\u00f3d bude doplnen\u00fd<\/li>\n<\/ul>\n<h2>Harmonogram<\/h2>\n<p><em>Tu bude upresnen\u00fd obsah, ktor\u00fd preberieme na jednotliv\u00fdch cvi\u010deniach po\u010das blokovej v\u00fdu\u010dby.\u00a0<\/em><\/p>\n<ul>\n<li>24.2.2025 &#8211; vytvorenie nov\u00e9ho projektu, Hangman v Jave (cel\u00fd codelab).<\/li>\n<li>26.2.2025 &#8211; Hangman v Kotline (cel\u00fd codelab), \u00favod do jazyka Kotlin<\/li>\n<li>28.2.2025 &#8211; Weblinks (cel\u00fd codelab &#8211; ten prv\u00fd), recyclerView, intent<\/li>\n<li>3.3.2025 &#8211; Weblinks napojenie na datab\u00e1zu (cel\u00fd codelab &#8211; ten druh\u00fd)<\/li>\n<li>5.3.2025 &#8211; OpenDataGame (cel\u00fd codelab), lambda v\u00fdrazy<\/li>\n<li>7.3.2025 &#8211; CallLog (v\u0161etko okrem permissions)<\/li>\n<li>10.3.2025 &#8211; CallLog (permissions), Jetpack Compose (prejdenie tutori\u00e1lov, uk\u00e1\u017eky &#8211; vi\u010f posledn\u00fd codelab)<\/li>\n<li>12.3.2025<\/li>\n<li>14.3.2025 &#8211; cvi\u010denie nebude<\/li>\n<li>19.3.2025 &#8211; cvi\u010denie nebude<\/li>\n<\/ul>\n<p><a href=\"https:\/\/ics.science.upjs.sk\/vma\/aplikacie-2024\/\">Arch\u00edv aplik\u00e1cie 2024<\/a><\/p>\n<p><a href=\"https:\/\/ics.science.upjs.sk\/vma\/aplikacie-archiv-2023\/\">Arch\u00edv aplik\u00e1cie 2023<\/a><\/p>\n","protected":false},"excerpt":{"rendered":"<p>Gitlab repozit\u00e1r Aplik\u00e1cie Hangman (v jave) &#8211; CODELAB + k\u00f3d Hangman (v kotline) &#8211; CODELAB + k\u00f3d Weblinks (crud oper\u00e1cie, recycler view) &#8211; CODELAB + k\u00f3d, Weblinks (Room datab\u00e1za) &#8211;\u00a0&hellip;<\/p>\n","protected":false},"author":22,"featured_media":0,"parent":0,"menu_order":0,"comment_status":"closed","ping_status":"closed","template":"","meta":{"footnotes":""},"class_list":["post-349","page","type-page","status-publish","hentry"],"_links":{"self":[{"href":"https:\/\/ics.science.upjs.sk\/vma\/wp-json\/wp\/v2\/pages\/349","targetHints":{"allow":["GET"]}}],"collection":[{"href":"https:\/\/ics.science.upjs.sk\/vma\/wp-json\/wp\/v2\/pages"}],"about":[{"href":"https:\/\/ics.science.upjs.sk\/vma\/wp-json\/wp\/v2\/types\/page"}],"author":[{"embeddable":true,"href":"https:\/\/ics.science.upjs.sk\/vma\/wp-json\/wp\/v2\/users\/22"}],"replies":[{"embeddable":true,"href":"https:\/\/ics.science.upjs.sk\/vma\/wp-json\/wp\/v2\/comments?post=349"}],"version-history":[{"count":13,"href":"https:\/\/ics.science.upjs.sk\/vma\/wp-json\/wp\/v2\/pages\/349\/revisions"}],"predecessor-version":[{"id":376,"href":"https:\/\/ics.science.upjs.sk\/vma\/wp-json\/wp\/v2\/pages\/349\/revisions\/376"}],"wp:attachment":[{"href":"https:\/\/ics.science.upjs.sk\/vma\/wp-json\/wp\/v2\/media?parent=349"}],"curies":[{"name":"wp","href":"https:\/\/api.w.org\/{rel}","templated":true}]}}