{"id":10,"date":"2020-02-03T15:03:32","date_gmt":"2020-02-03T15:03:32","guid":{"rendered":"https:\/\/ics.science.upjs.sk\/webtech\/?page_id=10"},"modified":"2022-03-01T15:11:36","modified_gmt":"2022-03-01T14:11:36","slug":"uvodna-stranka","status":"publish","type":"page","link":"https:\/\/ics.science.upjs.sk\/spec-sem\/","title":{"rendered":"\u00davodn\u00e1 str\u00e1nka"},"content":{"rendered":"\n<p><strong>V\u00edtame v\u00e1s<\/strong> na str\u00e1nkach predmetov SSBa, SSBb, SSDa a SSDb so spolo\u010dn\u00fdm n\u00e1zvom <strong>\u0160pecializovan\u00fd semin\u00e1r<\/strong>, ktor\u00e9ho hlavn\u00fdm cie\u013eom je vz\u00e1jomn\u00e1 podpora pri tvorbe z\u00e1vere\u010dnej pr\u00e1ce.<\/p>\n\n\n\n<p><p>Semin\u00e1r je rozdelen\u00fd pod\u013ea oblasti, ktorej sa z\u00e1vere\u010dn\u00e1 pr\u00e1ca t\u00fdka na 4 skupiny &#8211; Umel\u00e1 inteligencia, Znalosti, Bezpe\u010dnos\u0165 a Teoretick\u00e1 informatika.<\/p>V skupine sa stret\u00e1vaj\u00fa tvorcovia bakal\u00e1rskych aj diplomov\u00fdch pr\u00e1c spolu s u\u010dite\u013emi a doktorandmi, ktor\u00ed sa danej oblasti venuj\u00fa.<\/p>\n","protected":false},"excerpt":{"rendered":"<p>V\u00edtame v\u00e1s na str\u00e1nkach predmetov SSBa, SSBb, SSDa a SSDb so spolo\u010dn\u00fdm n\u00e1zvom \u0160pecializovan\u00fd semin\u00e1r, ktor\u00e9ho hlavn\u00fdm cie\u013eom&#8230;<\/p>\n","protected":false},"author":2,"featured_media":0,"parent":0,"menu_order":0,"comment_status":"closed","ping_status":"closed","template":"","meta":{"footnotes":""},"class_list":["post-10","page","type-page","status-publish","hentry"],"_links":{"self":[{"href":"https:\/\/ics.science.upjs.sk\/spec-sem\/wp-json\/wp\/v2\/pages\/10","targetHints":{"allow":["GET"]}}],"collection":[{"href":"https:\/\/ics.science.upjs.sk\/spec-sem\/wp-json\/wp\/v2\/pages"}],"about":[{"href":"https:\/\/ics.science.upjs.sk\/spec-sem\/wp-json\/wp\/v2\/types\/page"}],"author":[{"embeddable":true,"href":"https:\/\/ics.science.upjs.sk\/spec-sem\/wp-json\/wp\/v2\/users\/2"}],"replies":[{"embeddable":true,"href":"https:\/\/ics.science.upjs.sk\/spec-sem\/wp-json\/wp\/v2\/comments?post=10"}],"version-history":[{"count":6,"href":"https:\/\/ics.science.upjs.sk\/spec-sem\/wp-json\/wp\/v2\/pages\/10\/revisions"}],"predecessor-version":[{"id":185,"href":"https:\/\/ics.science.upjs.sk\/spec-sem\/wp-json\/wp\/v2\/pages\/10\/revisions\/185"}],"wp:attachment":[{"href":"https:\/\/ics.science.upjs.sk\/spec-sem\/wp-json\/wp\/v2\/media?parent=10"}],"curies":[{"name":"wp","href":"https:\/\/api.w.org\/{rel}","templated":true}]}}