{"id":17,"date":"2022-01-19T13:55:34","date_gmt":"2022-01-19T12:55:34","guid":{"rendered":"https:\/\/ics.science.upjs.sk\/iot\/?page_id=17"},"modified":"2023-02-15T13:33:22","modified_gmt":"2023-02-15T12:33:22","slug":"hodnotenie-2022","status":"publish","type":"page","link":"https:\/\/ics.science.upjs.sk\/iot\/hodnotenie-2022\/","title":{"rendered":"Hodnotenie 2022"},"content":{"rendered":"\r\n<p><a href=\"https:\/\/upjs.sharepoint.com\/sites\/IoT20212022\">Link na \u00falo\u017eisko<\/a>\u00a0<\/p>\r\n<p>V ponuke je:<\/p>\r\n<ul>\r\n<li>20 bodov za kr\u00e1tke zadania po\u010das semestra<\/li>\r\n<li>30 bodov za projekt v sk\u00fa\u0161kovom obdob\u00ed<\/li>\r\n<\/ul>\r\n<hr \/>\r\n<p>Zn\u00e1mka:<\/p>\r\n<ul>\r\n<li>A: 50 &#8212; 40 bodov<\/li>\r\n<li>B: 39 &#8212; 35 bodov<\/li>\r\n<li>C: 34 &#8212; 30 bodov<\/li>\r\n<li>D: 29 &#8212; 25 bodov<\/li>\r\n<li>E: 24 &#8212; 20 bodov<\/li>\r\n<\/ul>\r\n<p><strong>Kr\u00e1tke zadania<\/strong> po\u010das semestra &#8211; v ide\u00e1lnom pr\u00edpade realizovan\u00e9 priamo na cvi\u010den\u00ed:<\/p>\r\n<ul>\r\n<li>10 bodov Arduino &#8211; prepojenie Arduina a JPAZ, spracovanie d\u00e1t zo senzorov &#8211;body udelen\u00e9 po 5. cvi\u010den\u00ed (4.5.)<\/li>\r\n<li>5 bodov Node-RED &#8211; dashboard &#8212; body udelen\u00e9 po 8. cvi\u010den\u00ed (11.5.)\u00a0<\/li>\r\n<li>5 bodov Cloud &#8212; body udelen\u00e9 po 10. cvi\u010den\u00ed (18.5.)<\/li>\r\n<\/ul>\r\n<p>Zadania m\u00f4\u017eu by\u0165 vypracovan\u00e9 spolo\u010dne &#8211; dvojice, trojice. V\u00fdsledok v \u013eubovo\u013enom form\u00e1te (tak, aby to bolo reprodukovate\u013en\u00e9) je odovzd\u00e1van\u00fd v zdie\u013eanom prie\u010dinku.\u00a0<\/p>\r\n<p><strong>Projekt<\/strong> &#8211; v sk\u00fa\u0161kovom obdob\u00ed. Na projekte je vhodn\u00e9 pracova\u0165 v malom t\u00edme (dvojica\/trojica). Na z\u00e1klade z\u00edskan\u00fdch bodov za semester bud\u00fa individu\u00e1lne dohodnut\u00e9 podmienky hodnotenia a po\u017eiadavky na projekt. Vy\u017eadovan\u00e9 je detailn\u00e9 zdokumentovanie projektu.<\/p>\r\n<p>&nbsp;<\/p>\r\n","protected":false},"excerpt":{"rendered":"<p>Link na \u00falo\u017eisko\u00a0 V ponuke je: 20 bodov za kr\u00e1tke zadania po\u010das semestra 30 bodov za projekt v sk\u00fa\u0161kovom obdob\u00ed Zn\u00e1mka: A: 50 &#8212; 40 bodov B: 39 &#8212; 35&hellip;<\/p>\n","protected":false},"author":22,"featured_media":0,"parent":0,"menu_order":0,"comment_status":"closed","ping_status":"closed","template":"","meta":{"footnotes":""},"class_list":["post-17","page","type-page","status-publish","hentry"],"_links":{"self":[{"href":"https:\/\/ics.science.upjs.sk\/iot\/wp-json\/wp\/v2\/pages\/17","targetHints":{"allow":["GET"]}}],"collection":[{"href":"https:\/\/ics.science.upjs.sk\/iot\/wp-json\/wp\/v2\/pages"}],"about":[{"href":"https:\/\/ics.science.upjs.sk\/iot\/wp-json\/wp\/v2\/types\/page"}],"author":[{"embeddable":true,"href":"https:\/\/ics.science.upjs.sk\/iot\/wp-json\/wp\/v2\/users\/22"}],"replies":[{"embeddable":true,"href":"https:\/\/ics.science.upjs.sk\/iot\/wp-json\/wp\/v2\/comments?post=17"}],"version-history":[{"count":14,"href":"https:\/\/ics.science.upjs.sk\/iot\/wp-json\/wp\/v2\/pages\/17\/revisions"}],"predecessor-version":[{"id":200,"href":"https:\/\/ics.science.upjs.sk\/iot\/wp-json\/wp\/v2\/pages\/17\/revisions\/200"}],"wp:attachment":[{"href":"https:\/\/ics.science.upjs.sk\/iot\/wp-json\/wp\/v2\/media?parent=17"}],"curies":[{"name":"wp","href":"https:\/\/api.w.org\/{rel}","templated":true}]}}