{"id":159,"date":"2022-05-06T15:48:04","date_gmt":"2022-05-06T13:48:04","guid":{"rendered":"https:\/\/ics.science.upjs.sk\/iot\/?page_id=159"},"modified":"2023-02-15T13:31:27","modified_gmt":"2023-02-15T12:31:27","slug":"rpi-experimenty-2022","status":"publish","type":"page","link":"https:\/\/ics.science.upjs.sk\/iot\/cvicenia-2022\/rpi-experimenty-2022\/","title":{"rendered":"RPi &#8211; Experimenty"},"content":{"rendered":"<p><a href=\"https:\/\/www.raspberrypi.com\/software\/\">Raspberry Pi Imager<\/a> na in\u0161tal\u00e1ciu OS na microSD kartu.<\/p>\n<p>Zapn\u00fa\u0165 RPi a pozrie\u0165 dostupn\u00e9 programy a nastavenia.<\/p>\n<pre>raspi-config<\/pre>\n<p><a href=\"https:\/\/www.raspberrypi.com\/documentation\/computers\/remote-access.html\">Remote access<\/a> &#8211; SSH, VNC. Pripojenie na ssh:<\/p>\n<pre>ssh pi@{ip adresa}<\/pre>\n<p><strong>Wiring Pi<\/strong>, utilita<strong> GPIO<\/strong><\/p>\n<pre>gpio readall<\/pre>\n<p>Vysk\u00fa\u0161a\u0165 zapoji\u0165 senzor DHT11 a stiahn\u00fa\u0165 k\u00f3d v C alebo Pythone.<\/p>\n<p>I2C &#8211; zapn\u00fa\u0165 v nastaveniach (alebo raspi-config)<\/p>\n<pre>ls \/dev\/*i2c\r\ni2cdetect -y 1 (prv\u00e1 zbernica)\r\ni2cget -y 1 0x3f\r\ni2cset -y 1 0x3f 0x00<\/pre>\n<p>&nbsp;<\/p>\n","protected":false},"excerpt":{"rendered":"<p>Raspberry Pi Imager na in\u0161tal\u00e1ciu OS na microSD kartu. Zapn\u00fa\u0165 RPi a pozrie\u0165 dostupn\u00e9 programy a nastavenia. raspi-config Remote access &#8211; SSH, VNC. Pripojenie na ssh: ssh pi@{ip adresa} Wiring&hellip;<\/p>\n","protected":false},"author":22,"featured_media":0,"parent":38,"menu_order":0,"comment_status":"closed","ping_status":"closed","template":"","meta":{"footnotes":""},"class_list":["post-159","page","type-page","status-publish","hentry"],"_links":{"self":[{"href":"https:\/\/ics.science.upjs.sk\/iot\/wp-json\/wp\/v2\/pages\/159","targetHints":{"allow":["GET"]}}],"collection":[{"href":"https:\/\/ics.science.upjs.sk\/iot\/wp-json\/wp\/v2\/pages"}],"about":[{"href":"https:\/\/ics.science.upjs.sk\/iot\/wp-json\/wp\/v2\/types\/page"}],"author":[{"embeddable":true,"href":"https:\/\/ics.science.upjs.sk\/iot\/wp-json\/wp\/v2\/users\/22"}],"replies":[{"embeddable":true,"href":"https:\/\/ics.science.upjs.sk\/iot\/wp-json\/wp\/v2\/comments?post=159"}],"version-history":[{"count":3,"href":"https:\/\/ics.science.upjs.sk\/iot\/wp-json\/wp\/v2\/pages\/159\/revisions"}],"predecessor-version":[{"id":168,"href":"https:\/\/ics.science.upjs.sk\/iot\/wp-json\/wp\/v2\/pages\/159\/revisions\/168"}],"up":[{"embeddable":true,"href":"https:\/\/ics.science.upjs.sk\/iot\/wp-json\/wp\/v2\/pages\/38"}],"wp:attachment":[{"href":"https:\/\/ics.science.upjs.sk\/iot\/wp-json\/wp\/v2\/media?parent=159"}],"curies":[{"name":"wp","href":"https:\/\/api.w.org\/{rel}","templated":true}]}}