{"id":5,"date":"2022-01-19T14:05:36","date_gmt":"2022-01-19T13:05:36","guid":{"rendered":"https:\/\/ics.science.upjs.sk\/ano\/?page_id=5"},"modified":"2025-09-24T13:04:47","modified_gmt":"2025-09-24T11:04:47","slug":"zimny-semester-2022-2023","status":"publish","type":"page","link":"https:\/\/ics.science.upjs.sk\/ano\/","title":{"rendered":"Zimn\u00fd semester 2025\/2026"},"content":{"rendered":"\r\n<p>Predmet venovan\u00fd po\u010d\u00edta\u010dov\u00e9mu videniu.\u00a0<\/p>\r\n<p><strong>Predn\u00e1\u0161ky:<\/strong> utorok 11:40 &#8211; 13:10, SJSP19<br \/><strong>Cvi\u010denia:<\/strong> \u0161tvrtok 15:20 &#8211; 16:50, SJ2P13 (len do konca okt\u00f3bra)<\/p>\r\n<p>Na cvi\u010deniach sa pou\u017e\u00edva kni\u017enica OpenCV v jazyku Python.<\/p>\r\n<p>Predn\u00e1\u0161ky aj cvi\u010denia vedie <a href=\"https:\/\/ics.science.upjs.sk\/opiela\/\">RNDr. Miroslav Opiela, PhD.<\/a><\/p>\r\n","protected":false},"excerpt":{"rendered":"<p>Predmet venovan\u00fd po\u010d\u00edta\u010dov\u00e9mu videniu.\u00a0 Predn\u00e1\u0161ky: utorok 11:40 &#8211; 13:10, SJSP19Cvi\u010denia: \u0161tvrtok 15:20 &#8211; 16:50, SJ2P13 (len do konca okt\u00f3bra) Na cvi\u010deniach sa pou\u017e\u00edva kni\u017enica OpenCV v jazyku Python. Predn\u00e1\u0161ky aj&hellip;<\/p>\n","protected":false},"author":22,"featured_media":0,"parent":0,"menu_order":0,"comment_status":"closed","ping_status":"closed","template":"","meta":{"footnotes":""},"class_list":["post-5","page","type-page","status-publish","hentry"],"_links":{"self":[{"href":"https:\/\/ics.science.upjs.sk\/ano\/wp-json\/wp\/v2\/pages\/5","targetHints":{"allow":["GET"]}}],"collection":[{"href":"https:\/\/ics.science.upjs.sk\/ano\/wp-json\/wp\/v2\/pages"}],"about":[{"href":"https:\/\/ics.science.upjs.sk\/ano\/wp-json\/wp\/v2\/types\/page"}],"author":[{"embeddable":true,"href":"https:\/\/ics.science.upjs.sk\/ano\/wp-json\/wp\/v2\/users\/22"}],"replies":[{"embeddable":true,"href":"https:\/\/ics.science.upjs.sk\/ano\/wp-json\/wp\/v2\/comments?post=5"}],"version-history":[{"count":16,"href":"https:\/\/ics.science.upjs.sk\/ano\/wp-json\/wp\/v2\/pages\/5\/revisions"}],"predecessor-version":[{"id":407,"href":"https:\/\/ics.science.upjs.sk\/ano\/wp-json\/wp\/v2\/pages\/5\/revisions\/407"}],"wp:attachment":[{"href":"https:\/\/ics.science.upjs.sk\/ano\/wp-json\/wp\/v2\/media?parent=5"}],"curies":[{"name":"wp","href":"https:\/\/api.w.org\/{rel}","templated":true}]}}