{"id":323,"date":"2024-09-20T04:13:37","date_gmt":"2024-09-20T02:13:37","guid":{"rendered":"https:\/\/ics.science.upjs.sk\/ano\/?page_id=323"},"modified":"2025-11-06T21:30:28","modified_gmt":"2025-11-06T20:30:28","slug":"domace-zadania","status":"publish","type":"page","link":"https:\/\/ics.science.upjs.sk\/ano\/domace-zadania\/","title":{"rendered":"Dom\u00e1ce zadania"},"content":{"rendered":"<p><em>Podmienky aktualizovan\u00e9 2.11.2025. Zadania zverejnen\u00e9 4.11. (A1, A2), 6.11. (A3, B1, B2, B3).<\/em><\/p>\n<ul>\n<li><a href=\"https:\/\/ics.science.upjs.sk\/ano\/domace-zadania-2025-s-navodom\/\">Zadania \u00faloh (kateg\u00f3ria A &#8211; s n\u00e1vodom)<\/a> &#8211; A1 Vanishing point, A2 &#8211; RTG detekcia zlomeniny, A3 &#8211; Gitara<\/li>\n<li><a href=\"https:\/\/ics.science.upjs.sk\/ano\/domace-zadania-2025-bez-navodu\/\">Zadanie \u00faloh (kateg\u00f3ria B &#8211; bez n\u00e1vodu)<\/a> &#8211; B1 &#8211; Dopravn\u00e9 zna\u010dky, B2 &#8211; Ma\u013eovan\u00e9 kr\u00ed\u017eovky, B3 &#8211; Puzzle<\/li>\n<\/ul>\n<h3>Podmienky odovzd\u00e1vania dom\u00e1cich zadan\u00ed:<\/h3>\n<p><strong>Kateg\u00f3rie \u00faloh:<\/strong> kateg\u00f3ria A s\u00fa \u00falohy, kde je dan\u00fd postup (vo forme vedeck\u00e9ho \u010dl\u00e1nku), ktor\u00fd m\u00e1te implementova\u0165. Kateg\u00f3ria B s\u00fa \u00falohy bez n\u00e1vodu.<\/p>\n<p><strong>Po\u010det \u00faloh a hodnotenie:<\/strong> V ka\u017edej kateg\u00f3rii s\u00fa 3 \u00falohy. O\u010dak\u00e1vam vyrie\u0161enie 2 \u00faloh za ka\u017ed\u00fa kateg\u00f3riu. Za vyrie\u0161enie 2 \u00faloh v kateg\u00f3rii je zn\u00e1mka zlep\u0161en\u00e1 o 1 stupe\u0148. Vyrie\u0161enie viac ako 4 \u00faloh nem\u00e1 \u017eiaden \u010fal\u0161\u00ed dopad na hodnotenie.<\/p>\n<p><strong>Term\u00edn:<\/strong> Odovzda\u0165 \u00falohy m\u00f4\u017eete kedyko\u013evek. Striktn\u00fd deadline je de\u0148 pred \u00fastnou sk\u00fa\u0161kou (8:00 AM). Odpor\u00fa\u010dan\u00fd deadline je 16.12. &#8211; vtedy budem prech\u00e1dza\u0165 jednotliv\u00e9 rie\u0161enia a po\u0161lem v\u00e1m p\u00edsomne feedback. Ak potrebujete nejak\u00fd koment\u00e1r sk\u00f4r, m\u00f4\u017eete sa ozva\u0165 individu\u00e1lne. Rie\u0161enia odovzdan\u00e9 po 16.12. bud\u00fa bez m\u00f4jho koment\u00e1ra &#8211; porozpr\u00e1vame sa o nich na sk\u00fa\u0161ke.<\/p>\n<p><strong>Forma odovzd\u00e1vania:<\/strong> Rie\u0161enia odovzd\u00e1vate cez Github classroom. <del><\/del>Link je pri ka\u017edej \u00falohe. Po akceptovan\u00ed zadania z\u00edskate vlastn\u00fd repozit\u00e1r, v\u00e4\u010d\u0161inou aj s pripraven\u00fdmi obr\u00e1zkami. Potrebujete ma\u0165 \u00fa\u010det na github.com.<\/p>\n<p><strong>\u010co odovzd\u00e1vate:<\/strong> Pre ka\u017ed\u00fa \u00falohu o\u010dak\u00e1vam zdrojov\u00fd k\u00f3d, vstupn\u00fd obr\u00e1zok\/video a v\u00fdstupn\u00fd obr\u00e1zok\/video (pr\u00edpadne v\u0161etky medzi-obr\u00e1zky) \u2013 d\u00f4le\u017eit\u00e9 je, aby som mohol vidie\u0165 v\u00fdsledok bez nutnosti sp\u00fa\u0161\u0165a\u0165 k\u00f3d. Rie\u0161enie mus\u00ed obsahova\u0165 <strong>report<\/strong> &#8211; zhrnutie, \u010do ste pou\u017eili, ak\u00fd v\u00fdsledok ste z\u00edskali, pr\u00edpadne va\u0161e odpor\u00fa\u010dania alebo n\u00e1vrh, \u010do \u010falej. Tento report m\u00f4\u017ee by\u0165 ako samostatn\u00fd textov\u00fd\/pdf s\u00fabor alebo m\u00f4\u017ee by\u0165 na jednom mieste napr. v jupyter notebooku. Len nech to viem jednoducho n\u00e1js\u0165.<\/p>\n<p><strong>\u010co je dovolen\u00e9 pou\u017e\u00edva\u0165:<\/strong> (takmer) \u010doko\u013evek &#8211; len to priznajte. Pou\u017e\u00edvanie AI je dovolen\u00e9. Zak\u00e1zan\u00e9 je zobra\u0165 komplet v\u00fdstup z AI na prompt zadania \u00falohy. Rovnako je mo\u017en\u00e1 komunik\u00e1cia medzi vami. Ak pracujete spolo\u010dne, uve\u010fte to v rie\u0161en\u00ed. Priznajte autorstvo jednotliv\u00fdch n\u00e1padov a realiz\u00e1ci\u00ed. Pou\u017e\u00edvajte potom r\u00f4zne obr\u00e1zky. Ak budete ma\u0165 nejak\u00fa netradi\u010dn\u00fa met\u00f3du, alebo \u010doko\u013evek \u010do sme nerobili na cvi\u010deniach, uve\u010fte autora (link na web, kde ste to na\u0161li; meno toho, kto v\u00e1m to poradil; pr\u00edpadne, \u017ee to je z AI).<br \/>\nOdpor\u00fa\u010dam ale pracova\u0165 samostatne &#8211; v pr\u00edpade nejakej formy spolupr\u00e1ce medzi vami, ka\u017ed\u00fd odovzd\u00e1va rie\u0161enie za seba. Toto\u017en\u00e9 rie\u0161enia bud\u00fa hodnoten\u00e9 ako plagi\u00e1torstvo. AI odpor\u00fa\u010dam vyu\u017e\u00edva\u0165 ako <em>python program\u00e1tora,\u00a0<\/em>samotn\u00fa \u010das\u0165 computer vision robte samostatne. Cie\u013eom nie je najlep\u0161\u00ed v\u00fdsledok, ale zisti\u0165, kde s\u00fa hranice pri pou\u017e\u00edvan\u00ed tradi\u010dn\u00fdch met\u00f3d. Aj zl\u00fd v\u00fdsledok je pre n\u00e1s pozit\u00edvny.<\/p>\n","protected":false},"excerpt":{"rendered":"<p>Podmienky aktualizovan\u00e9 2.11.2025. Zadania zverejnen\u00e9 4.11. (A1, A2), 6.11. (A3, B1, B2, B3). Zadania \u00faloh (kateg\u00f3ria A &#8211; s n\u00e1vodom) &#8211; A1 Vanishing point, A2 &#8211; RTG detekcia zlomeniny, A3&hellip;<\/p>\n","protected":false},"author":22,"featured_media":0,"parent":0,"menu_order":0,"comment_status":"closed","ping_status":"closed","template":"","meta":{"footnotes":""},"class_list":["post-323","page","type-page","status-publish","hentry"],"_links":{"self":[{"href":"https:\/\/ics.science.upjs.sk\/ano\/wp-json\/wp\/v2\/pages\/323","targetHints":{"allow":["GET"]}}],"collection":[{"href":"https:\/\/ics.science.upjs.sk\/ano\/wp-json\/wp\/v2\/pages"}],"about":[{"href":"https:\/\/ics.science.upjs.sk\/ano\/wp-json\/wp\/v2\/types\/page"}],"author":[{"embeddable":true,"href":"https:\/\/ics.science.upjs.sk\/ano\/wp-json\/wp\/v2\/users\/22"}],"replies":[{"embeddable":true,"href":"https:\/\/ics.science.upjs.sk\/ano\/wp-json\/wp\/v2\/comments?post=323"}],"version-history":[{"count":25,"href":"https:\/\/ics.science.upjs.sk\/ano\/wp-json\/wp\/v2\/pages\/323\/revisions"}],"predecessor-version":[{"id":476,"href":"https:\/\/ics.science.upjs.sk\/ano\/wp-json\/wp\/v2\/pages\/323\/revisions\/476"}],"wp:attachment":[{"href":"https:\/\/ics.science.upjs.sk\/ano\/wp-json\/wp\/v2\/media?parent=323"}],"curies":[{"name":"wp","href":"https:\/\/api.w.org\/{rel}","templated":true}]}}