{"id":8,"date":"2019-10-14T12:42:30","date_gmt":"2019-10-14T10:42:30","guid":{"rendered":"https:\/\/ics.science.upjs.sk\/adui\/?page_id=8"},"modified":"2024-06-15T23:20:50","modified_gmt":"2024-06-15T21:20:50","slug":"kontakty","status":"publish","type":"page","link":"https:\/\/ics.science.upjs.sk\/adui\/kontakty\/","title":{"rendered":"Kontakty"},"content":{"rendered":"\r\n<p class=\"has-background\" style=\"background-color: #f4f4f4\"><span style=\"color: #000000\"><strong>Anal\u00fdza d\u00e1t a umel\u00e1 inteligencia<\/strong> je medziodborov\u00fd \u0161tudijn\u00fd program pre bakal\u00e1rske a magistersk\u00e9 \u0161t\u00fadium na <strong><a style=\"color: #000000\" href=\"https:\/\/www.upjs.sk\/prirodovedecka-fakulta\/?prefferedLang=SK\" target=\"_blank\" rel=\"noreferrer noopener\" data-type=\"URL\" data-id=\"https:\/\/www.upjs.sk\/prirodovedecka-fakulta\/?prefferedLang=SK\">Pr\u00edrodovedeckej fakulte<\/a> <a style=\"color: #000000\" href=\"https:\/\/www.upjs.sk\/\" target=\"_blank\" rel=\"noreferrer noopener\" data-type=\"URL\" data-id=\"https:\/\/www.upjs.sk\/\">Univerzity Pavla Jozefa \u0160af\u00e1rika v Ko\u0161iciach<\/a><\/strong> organizovan\u00fd <em><a style=\"color: #000000\" href=\"https:\/\/www.upjs.sk\/prirodovedecka-fakulta\/ustav\/umv\/\" target=\"_blank\" rel=\"noreferrer noopener\" data-type=\"URL\" data-id=\"https:\/\/www.upjs.sk\/prirodovedecka-fakulta\/ustav\/umv\/\">\u00dastavom matematiky<\/a><\/em> a <em><a style=\"color: #000000\" href=\"https:\/\/ics.science.upjs.sk\/\" target=\"_blank\" rel=\"noreferrer noopener\" data-type=\"URL\" data-id=\"https:\/\/ics.science.upjs.sk\/\">\u00dastavom informatiky<\/a><\/em>.<\/span><\/p>\r\n\r\n\r\n\r\n<p class=\"has-background\" style=\"background-color: #f4f4f4\"><span style=\"color: #000000\">M\u00e1te z\u00e1ujem o bli\u017e\u0161ie inform\u00e1cie? Chcete by\u0165 informovan\u00ed o s\u00favisiacich podujatiach? Nap\u00ed\u0161te n\u00e1m e-mail na adresu: <strong><a style=\"color: #000000\" href=\"mailto:adui@upjs.sk\" target=\"_blank\" rel=\"noreferrer noopener\">adui@upjs.sk<\/a><\/strong>.<\/span><\/p>\r\n\r\n\r\n\r\n<div class=\"wp-block-button aligncenter\"><a class=\"wp-block-button__link has-very-dark-gray-color has-light-green-cyan-background-color has-text-color has-background\" href=\"https:\/\/e-prihlaska.upjs.sk\/\" target=\"_blank\" rel=\"noreferrer noopener\">Podaj si prihl\u00e1\u0161ku tu<\/a><\/div>\r\n\r\n\r\n<hr class=\"wp-block-separator\" \/>\r\n\r\n\r\n<p class=\"has-text-align-center has-white-color has-text-color has-background\" style=\"background-color: #00376f\"><strong> Univerzita Pavla Jozefa \u0160af\u00e1rika <\/strong><\/p>\r\n\r\n\r\n\r\n<figure class=\"wp-block-table\">\r\n<table>\r\n<tbody>\r\n<tr>\r\n<td><strong>webov\u00e1 adresa<\/strong><\/td>\r\n<td><a href=\"https:\/\/www.upjs.sk\/\" target=\"_blank\" rel=\"noreferrer noopener\">https:\/\/www.upjs.sk\/ <\/a><\/td>\r\n<\/tr>\r\n<tr>\r\n<td><strong>facebook<\/strong><\/td>\r\n<td><a href=\"https:\/\/www.facebook.com\/UniverzitaPavlaJozefaSafarikaVkosiciach\" target=\"_blank\" rel=\"noreferrer noopener\">https:\/\/www.facebook.com\/UniverzitaPavlaJozefaSafarikaVkosiciach<\/a><\/td>\r\n<\/tr>\r\n<tr>\r\n<td><strong>instagram<\/strong><\/td>\r\n<td><a href=\"https:\/\/www.instagram.com\/upjs_kosice\/\" target=\"_blank\" rel=\"noreferrer noopener\">https:\/\/www.instagram.com\/upjs_kosice\/<\/a><\/td>\r\n<\/tr>\r\n<tr>\r\n<td><strong>adresa (rektor\u00e1t)<\/strong><\/td>\r\n<td>\u0160rob\u00e1rova 2, 041 80 Ko\u0161ice<\/td>\r\n<\/tr>\r\n<tr>\r\n<td><strong>tel. (rektor\u00e1t)<\/strong><\/td>\r\n<td>055\/234 1100<\/td>\r\n<\/tr>\r\n<tr>\r\n<td><strong>email<\/strong><\/td>\r\n<td><a href=\"mailto:rektor@upjs.sk\" target=\"_blank\" rel=\"noreferrer noopener\">rektor@upjs.sk<\/a><\/td>\r\n<\/tr>\r\n<\/tbody>\r\n<\/table>\r\n<\/figure>\r\n\r\n\r\n\r\n<div class=\"wp-block-spacer\" style=\"height: 20px\" aria-hidden=\"true\">\u00a0<\/div>\r\n\r\n\r\n\r\n<figure class=\"wp-block-image size-large\"><a href=\"https:\/\/goo.gl\/maps\/ENNHfwrhKoCizXov5\" target=\"_blank\" rel=\"noopener\"><img fetchpriority=\"high\" decoding=\"async\" width=\"1024\" height=\"735\" class=\"wp-image-1118\" src=\"https:\/\/ics.science.upjs.sk\/adui\/wp-content\/uploads\/sites\/10\/2022\/02\/SmartSelect_20220213-232413_Maps-1024x735.jpg\" alt=\"\" srcset=\"https:\/\/ics.science.upjs.sk\/adui\/wp-content\/uploads\/sites\/10\/2022\/02\/SmartSelect_20220213-232413_Maps-1024x735.jpg 1024w, https:\/\/ics.science.upjs.sk\/adui\/wp-content\/uploads\/sites\/10\/2022\/02\/SmartSelect_20220213-232413_Maps-300x215.jpg 300w, https:\/\/ics.science.upjs.sk\/adui\/wp-content\/uploads\/sites\/10\/2022\/02\/SmartSelect_20220213-232413_Maps-768x551.jpg 768w, https:\/\/ics.science.upjs.sk\/adui\/wp-content\/uploads\/sites\/10\/2022\/02\/SmartSelect_20220213-232413_Maps-1536x1103.jpg 1536w, https:\/\/ics.science.upjs.sk\/adui\/wp-content\/uploads\/sites\/10\/2022\/02\/SmartSelect_20220213-232413_Maps.jpg 1684w\" sizes=\"(max-width: 1024px) 100vw, 1024px\" \/><\/a><\/figure>\r\n\r\n\r\n\r\n<div class=\"wp-block-spacer\" style=\"height: 100px\" aria-hidden=\"true\">\u00a0<\/div>\r\n\r\n\r\n<hr class=\"wp-block-separator\" \/>\r\n\r\n\r\n<p class=\"has-text-align-center has-white-color has-text-color has-background\" style=\"background-color: #008338\"><strong>Pr\u00edrodovedeck\u00e1 fakulta <\/strong><\/p>\r\n\r\n\r\n\r\n<figure class=\"wp-block-table\">\r\n<table>\r\n<tbody>\r\n<tr>\r\n<td><strong>webov\u00e1 adresa<\/strong><\/td>\r\n<td><a href=\"https:\/\/www.upjs.sk\/prirodovedecka-fakulta\/?prefferedLang=SK\" target=\"_blank\" rel=\"noreferrer noopener\">https:\/\/www.upjs.sk\/prirodovedecka-fakulta\/?prefferedLang=SK<\/a><\/td>\r\n<\/tr>\r\n<tr>\r\n<td><strong>facebook<\/strong><\/td>\r\n<td><a href=\"https:\/\/www.facebook.com\/pfupjs\/\" target=\"_blank\" rel=\"noreferrer noopener\">https:\/\/www.facebook.com\/pfupjs\/<\/a><\/td>\r\n<\/tr>\r\n<tr>\r\n<td><strong>instagram<\/strong><\/td>\r\n<td><a href=\"https:\/\/www.instagram.com\/pfupjs\/\" target=\"_blank\" rel=\"noreferrer noopener\">https:\/\/www.instagram.com\/pfupjs\/<\/a><\/td>\r\n<\/tr>\r\n<tr>\r\n<td><strong>tel. (sekretari\u00e1t)<\/strong><\/td>\r\n<td>+421 55 234 2181<\/td>\r\n<\/tr>\r\n<tr>\r\n<td><strong>email <strong>(sekretari\u00e1t)<\/strong><\/strong><\/td>\r\n<td><a href=\"mailto:pfsekret@upjs.sk\" target=\"_blank\" rel=\"noreferrer noopener\">pfsekret@upjs.sk<\/a><\/td>\r\n<\/tr>\r\n<\/tbody>\r\n<\/table>\r\n<\/figure>\r\n\r\n\r\n\r\n<div class=\"wp-block-spacer\" style=\"height: 100px\" aria-hidden=\"true\">\u00a0<\/div>\r\n\r\n\r\n<hr class=\"wp-block-separator\" \/>\r\n\r\n\r\n<p class=\"has-text-align-center has-white-color has-text-color has-background\" style=\"background-color: #085e2b\"><strong> \u00dastav matematiky<\/strong><\/p>\r\n\r\n\r\n\r\n<figure class=\"wp-block-table\">\r\n<table>\r\n<tbody>\r\n<tr>\r\n<td><strong>webov\u00e1 adresa<\/strong><\/td>\r\n<td><a href=\"https:\/\/www.upjs.sk\/prirodovedecka-fakulta\/ustav\/umv\/\" target=\"_blank\" rel=\"noreferrer noopener\">https:\/\/www.upjs.sk\/prirodovedecka-fakulta\/ustav\/umv\/<\/a><\/td>\r\n<\/tr>\r\n<tr>\r\n<td><strong>facebook<\/strong><\/td>\r\n<td><a href=\"https:\/\/www.facebook.com\/matematika.upjs\" target=\"_blank\" rel=\"noopener\">https:\/\/www.facebook.com\/matematika.upjs<\/a><\/td>\r\n<\/tr>\r\n<tr>\r\n<td><strong>instagram<\/strong><\/td>\r\n<td><a href=\"https:\/\/www.instagram.com\/matematika.upjs\/\" target=\"_blank\" rel=\"noreferrer noopener\">https:\/\/www.instagram.com\/matematika.upjs\/<\/a><\/td>\r\n<\/tr>\r\n<tr>\r\n<td><strong>adresa<\/strong><\/td>\r\n<td>Jesenn\u00e1 5, 040 01 Ko\u0161ice<\/td>\r\n<\/tr>\r\n<tr>\r\n<td><strong>tel.<\/strong><\/td>\r\n<td>+421 55 234 2213<\/td>\r\n<\/tr>\r\n<tr>\r\n<td><strong>email<\/strong><\/td>\r\n<td><a href=\"mailto:umv@upjs.sk\" target=\"_blank\" rel=\"noreferrer noopener\">umv@upjs.sk<\/a><\/td>\r\n<\/tr>\r\n<\/tbody>\r\n<\/table>\r\n<\/figure>\r\n\r\n\r\n\r\n<div class=\"wp-block-spacer\" style=\"height: 100px\" aria-hidden=\"true\">\u00a0<\/div>\r\n\r\n\r\n<hr class=\"wp-block-separator\" \/>\r\n\r\n\r\n<p class=\"has-text-align-center has-white-color has-text-color has-background\" style=\"background-color: #96be3d\"><strong> \u00dastav informatiky<\/strong><\/p>\r\n\r\n\r\n\r\n<figure class=\"wp-block-table\">\r\n<table>\r\n<tbody>\r\n<tr>\r\n<td><strong>webov\u00e1 adresa<\/strong><\/td>\r\n<td><a href=\"https:\/\/ics.science.upjs.sk\/\" target=\"_blank\" rel=\"noreferrer noopener\">https:\/\/ics.science.upjs.sk\/<\/a><\/td>\r\n<\/tr>\r\n<tr>\r\n<td><strong>facebook<\/strong><\/td>\r\n<td><a href=\"https:\/\/www.facebook.com\/UstavInformatikyUPJS\/\" target=\"_blank\" rel=\"noreferrer noopener\">https:\/\/www.facebook.com\/UstavInformatikyUPJS\/<\/a><\/td>\r\n<\/tr>\r\n<tr>\r\n<td><strong>adresa<\/strong><\/td>\r\n<td>Jesenn\u00e1 5, 040 01 Ko\u0161ice<\/td>\r\n<\/tr>\r\n<tr>\r\n<td><strong>tel.<\/strong><\/td>\r\n<td>+421 55 234 2440<br \/>+421 55 234 2441<\/td>\r\n<\/tr>\r\n<tr>\r\n<td><strong>email<\/strong><\/td>\r\n<td><a href=\"mailto:ui@upjs.sk\" target=\"_blank\" rel=\"noreferrer noopener\">ui@upjs.sk<\/a><\/td>\r\n<\/tr>\r\n<\/tbody>\r\n<\/table>\r\n<\/figure>\r\n\r\n\r\n\r\n<div class=\"wp-block-spacer\" style=\"height: 20px\" aria-hidden=\"true\">\u00a0<\/div>\r\n\r\n\r\n\r\n<figure class=\"wp-block-image size-large\"><a href=\"https:\/\/goo.gl\/maps\/F7GGTC1wpZGCyw6B7\" target=\"_blank\" rel=\"noopener\"><img decoding=\"async\" width=\"1024\" height=\"721\" class=\"wp-image-1117\" src=\"https:\/\/ics.science.upjs.sk\/adui\/wp-content\/uploads\/sites\/10\/2022\/02\/SmartSelect_20220213-231836_Maps-1024x721.jpg\" alt=\"\" srcset=\"https:\/\/ics.science.upjs.sk\/adui\/wp-content\/uploads\/sites\/10\/2022\/02\/SmartSelect_20220213-231836_Maps-1024x721.jpg 1024w, https:\/\/ics.science.upjs.sk\/adui\/wp-content\/uploads\/sites\/10\/2022\/02\/SmartSelect_20220213-231836_Maps-300x211.jpg 300w, https:\/\/ics.science.upjs.sk\/adui\/wp-content\/uploads\/sites\/10\/2022\/02\/SmartSelect_20220213-231836_Maps-768x541.jpg 768w, https:\/\/ics.science.upjs.sk\/adui\/wp-content\/uploads\/sites\/10\/2022\/02\/SmartSelect_20220213-231836_Maps-1536x1082.jpg 1536w, https:\/\/ics.science.upjs.sk\/adui\/wp-content\/uploads\/sites\/10\/2022\/02\/SmartSelect_20220213-231836_Maps.jpg 1688w\" sizes=\"(max-width: 1024px) 100vw, 1024px\" \/><\/a><\/figure>\r\n\r\n\r\n\r\n<div class=\"wp-block-spacer\" style=\"height: 100px\" aria-hidden=\"true\">\u00a0<\/div>\r\n\r\n\r\n<hr class=\"wp-block-separator\" \/>\r\n\r\n\r\n<p class=\"has-text-align-center has-white-color has-text-color has-background\" style=\"background-color: #797979\"><strong>\u010eal\u0161ie u\u017eito\u010dn\u00e9 odkazy<\/strong><\/p>\r\n\r\n\r\n\r\n<figure class=\"wp-block-table\">\r\n<table>\r\n<tbody>\r\n<tr>\r\n<td><strong>web Na dva kroky<\/strong><\/td>\r\n<td><a href=\"https:\/\/nadvakroky.sk\/\" target=\"_blank\" rel=\"noreferrer noopener\">https:\/\/nadvakroky.sk\/<\/a><\/td>\r\n<\/tr>\r\n<tr>\r\n<td><strong>web DAM<\/strong><\/td>\r\n<td><a href=\"https:\/\/dam.science.upjs.sk\/\" target=\"_blank\" rel=\"noreferrer noopener\">https:\/\/dam.science.upjs.sk\/<\/a><\/td>\r\n<\/tr>\r\n<tr>\r\n<td><strong>facebook DAM<\/strong><\/td>\r\n<td><a href=\"https:\/\/www.facebook.com\/DAMupjs\/\" target=\"_blank\" rel=\"noreferrer noopener\">https:\/\/www.facebook.com\/DAMupjs\/<\/a><\/td>\r\n<\/tr>\r\n<tr>\r\n<td><strong>e-prihl\u00e1\u0161ka<\/strong><\/td>\r\n<td><a href=\"https:\/\/e-prihlaska.upjs.sk\/\" target=\"_blank\" rel=\"noreferrer noopener\">https:\/\/e-prihlaska.upjs.sk\/<\/a><\/td>\r\n<\/tr>\r\n<tr>\r\n<td><strong>inform\u00e1cie pre z\u00e1ujemcov o \u0161t\u00fadium<\/strong><\/td>\r\n<td><a href=\"https:\/\/www.upjs.sk\/prirodovedecka-fakulta\/informacie-pre-zaujemcov-o-studium\/\" target=\"_blank\" rel=\"noreferrer noopener\">https:\/\/www.upjs.sk\/prirodovedecka-fakulta\/informacie-pre-zaujemcov-o-studium\/<\/a><\/td>\r\n<\/tr>\r\n<\/tbody>\r\n<\/table>\r\n<\/figure>\r\n\r\n\r\n\r\n<div class=\"wp-block-spacer\" style=\"height: 30px\" aria-hidden=\"true\">\u00a0<\/div>\r\n\r\n\r\n\r\n<div class=\"wp-block-buttons is-content-justification-center is-layout-flex wp-container-core-buttons-is-layout-16018d1d wp-block-buttons-is-layout-flex\">\r\n<div class=\"wp-block-button\"><span style=\"color: #ffffff\"><a class=\"wp-block-button__link has-white-color has-text-color has-background\" style=\"background-color: #00376f;color: #ffffff\" href=\"https:\/\/tourmake.it\/sk\/tour\/f3b5fca993f3385ba597588a2d33662c?heading=348.17&amp;pitch=-1.19&amp;zoom=0.32&amp;c=319511\" target=\"_blank\" rel=\"noreferrer noopener\">Virtu\u00e1lna prehliadka<\/a><\/span><\/div>\r\n<\/div>\r\n\r\n\r\n\r\n<div class=\"wp-block-spacer\" style=\"height: 10px\" aria-hidden=\"true\">\u00a0<\/div>\r\n\r\n\r\n\r\n<div class=\"wp-block-buttons is-content-justification-center is-layout-flex wp-container-core-buttons-is-layout-16018d1d wp-block-buttons-is-layout-flex\">\r\n<div class=\"wp-block-button\"><span style=\"color: #ffffff\"><a class=\"wp-block-button__link has-white-color has-text-color has-background\" style=\"background-color: #00376f;color: #ffffff\" href=\"https:\/\/upjs_kosice.tematickemapy.sk\/mapa\/mapa.html\" target=\"_blank\" rel=\"noreferrer noopener\">Tematick\u00e1 mapa<\/a><\/span><\/div>\r\n<\/div>\r\n\r\n\r\n<hr class=\"wp-block-separator\" \/>\r\n\r\n\r\n<div style=\"text-align: center;width: 100%;min-height: 1px;flex: 0 0 100%;max-width: 100%;padding: 40px 15px 20px 15px\"><a title=\"UPJ\u0160\" href=\"https:\/\/www.upjs.sk\/?prefferedLang=SK\" target=\"_blank\" rel=\"noopener noreferrer\"><img decoding=\"async\" class=\"\" style=\"height: 92px;text-decoration: none\" src=\"https:\/\/ics.science.upjs.sk\/adui\/wp-content\/uploads\/sites\/10\/2020\/03\/upjs_f.png\" width=\"92\" \/><\/a> <a title=\"PF UPJ\u0160\" href=\"https:\/\/www.upjs.sk\/prirodovedecka-fakulta\/?prefferedLang=SK\" target=\"_blank\" rel=\"noopener noreferrer\"><img decoding=\"async\" style=\"padding: 0px;height: 80px;text-decoration: none\" src=\"https:\/\/ics.science.upjs.sk\/adui\/wp-content\/uploads\/sites\/10\/2019\/10\/upjs-logo.png\" \/><\/a> <a title=\"\u00daMAT\" href=\"https:\/\/www.upjs.sk\/prirodovedecka-fakulta\/ustav\/umv\/\" target=\"_blank\" rel=\"noopener noreferrer\"><img decoding=\"async\" style=\"padding: 0px;height: 80px;text-decoration: none\" src=\"https:\/\/ics.science.upjs.sk\/adui\/wp-content\/uploads\/sites\/10\/2022\/11\/ustav-matematiky_v4_farebna_stvorec.png\" \/><\/a> <a title=\"\u00daINF\" href=\"https:\/\/ics.science.upjs.sk\/\" target=\"_blank\" rel=\"noopener noreferrer\"><img decoding=\"async\" style=\"padding: 0px;height: 80px;text-decoration: none\" src=\"https:\/\/ics.science.upjs.sk\/adui\/wp-content\/uploads\/sites\/10\/2023\/01\/ustav-informatiky_v4_farebna_stvorec.png\" \/><\/a><\/div>\r\n<!-- \/wp:post-content --><!-- \/wp:image --><!-- \/wp:paragraph --><!-- \/wp:paragraph -->","protected":false},"excerpt":{"rendered":"<p>Anal\u00fdza d\u00e1t a umel\u00e1 inteligencia je medziodborov\u00fd \u0161tudijn\u00fd program pre bakal\u00e1rske a magistersk\u00e9 \u0161t\u00fadium na Pr\u00edrodovedeckej fakulte Univerzity Pavla Jozefa \u0160af\u00e1rika v Ko\u0161iciach organizovan\u00fd \u00dastavom matematiky a \u00dastavom informatiky. M\u00e1te&hellip;<\/p>\n","protected":false},"author":9,"featured_media":0,"parent":0,"menu_order":0,"comment_status":"closed","ping_status":"closed","template":"","meta":{"footnotes":""},"class_list":["post-8","page","type-page","status-publish","hentry"],"_links":{"self":[{"href":"https:\/\/ics.science.upjs.sk\/adui\/wp-json\/wp\/v2\/pages\/8","targetHints":{"allow":["GET"]}}],"collection":[{"href":"https:\/\/ics.science.upjs.sk\/adui\/wp-json\/wp\/v2\/pages"}],"about":[{"href":"https:\/\/ics.science.upjs.sk\/adui\/wp-json\/wp\/v2\/types\/page"}],"author":[{"embeddable":true,"href":"https:\/\/ics.science.upjs.sk\/adui\/wp-json\/wp\/v2\/users\/9"}],"replies":[{"embeddable":true,"href":"https:\/\/ics.science.upjs.sk\/adui\/wp-json\/wp\/v2\/comments?post=8"}],"version-history":[{"count":39,"href":"https:\/\/ics.science.upjs.sk\/adui\/wp-json\/wp\/v2\/pages\/8\/revisions"}],"predecessor-version":[{"id":2325,"href":"https:\/\/ics.science.upjs.sk\/adui\/wp-json\/wp\/v2\/pages\/8\/revisions\/2325"}],"wp:attachment":[{"href":"https:\/\/ics.science.upjs.sk\/adui\/wp-json\/wp\/v2\/media?parent=8"}],"curies":[{"name":"wp","href":"https:\/\/api.w.org\/{rel}","templated":true}]}}