{"id":284,"date":"2020-02-13T08:30:06","date_gmt":"2020-02-13T07:30:06","guid":{"rendered":"https:\/\/ics.science.upjs.sk\/adui\/?page_id=284"},"modified":"2024-09-22T22:48:18","modified_gmt":"2024-09-22T20:48:18","slug":"magisterske-studium","status":"publish","type":"page","link":"https:\/\/ics.science.upjs.sk\/adui\/magisterske-studium\/","title":{"rendered":"Magistersk\u00e9 \u0161t\u00fadium"},"content":{"rendered":"\r\n<figure class=\"wp-block-image\"><img fetchpriority=\"high\" decoding=\"async\" width=\"1024\" height=\"483\" class=\"wp-image-173\" src=\"https:\/\/ics.science.upjs.sk\/adui\/wp-content\/uploads\/sites\/10\/2019\/11\/obr2-1024x483.jpg\" alt=\"\" srcset=\"https:\/\/ics.science.upjs.sk\/adui\/wp-content\/uploads\/sites\/10\/2019\/11\/obr2-1024x483.jpg 1024w, https:\/\/ics.science.upjs.sk\/adui\/wp-content\/uploads\/sites\/10\/2019\/11\/obr2-300x141.jpg 300w, https:\/\/ics.science.upjs.sk\/adui\/wp-content\/uploads\/sites\/10\/2019\/11\/obr2-768x362.jpg 768w\" sizes=\"(max-width: 1024px) 100vw, 1024px\" \/><\/figure>\r\n\r\n\r\n\r\n<p class=\"has-background\" style=\"background-color: #f4f4f4\">\u0160tudijn\u00fd program\u00a0<strong>Anal\u00fdza d\u00e1t a umel\u00e1 inteligencia<\/strong>\u00a0je medziodborov\u00fdm \u0161tudijn\u00fdm programom na Pr\u00edrodovedeckej fakulte Univerzity Pavla Jozefa \u0160af\u00e1rika v Ko\u0161iciach, ktor\u00fd v sebe vyv\u00e1\u017eene kombinuje znalosti z oblasti matematiky a informatiky. Medziodborovos\u0165 d\u00e1va absolventovi\u00a0<strong>v\u00e4\u010d\u0161ie mo\u017enosti pri v\u00fdbere nadv\u00e4zuj\u00facich \u0161tudijn\u00fdch programov alebo pri uplatnen\u00ed v praxi<\/strong>.<\/p>\r\n\r\n\r\n\r\n<div class=\"wp-block-button aligncenter\"><a class=\"wp-block-button__link has-very-dark-gray-color has-light-green-cyan-background-color has-text-color has-background\" href=\"https:\/\/e-prihlaska.upjs.sk\/\" target=\"_blank\" rel=\"noreferrer noopener\">Podaj si prihl\u00e1\u0161ku tu<\/a><\/div>\r\n\r\n\r\n<hr class=\"wp-block-separator\" \/>\r\n\r\n\r\n<h3 id=\"vyber-z-predmetov\" class=\"has-text-align-center wp-block-heading\">V\u00fdber z predmetov<\/h3>\r\n\r\n\r\n\r\n<h4 id=\"1-rok-studia\" class=\"has-white-color has-text-color has-background wp-block-heading\" style=\"background-color: #00376f\">1. rok \u0161t\u00fadia<\/h4>\r\n\r\n\r\n\r\n<ul class=\"has-background wp-block-list\" style=\"background-color: #c4c4c4\">\r\n<li><strong>Kombinatorick\u00e9 algoritmy, N\u00e1hodn\u00e9 procesy, Viacrozmern\u00e9 \u0161tatistick\u00e9 met\u00f3dy<\/strong> &#8211; svet treba vedie\u0165 modelova\u0165 a modelom n\u00e1le\u017eite rozumie\u0165<\/li>\r\n<\/ul>\r\n\r\n\r\n\r\n<ul class=\"has-background wp-block-list\" style=\"background-color: #e4e4e4\">\r\n<li><strong>Semin\u00e1r z d\u00e1tov\u00e9ho mana\u017ementu I<\/strong> &#8211; pozrieme sa na re\u00e1lne praktick\u00e9 probl\u00e9my v spolupr\u00e1ci s partnermi<\/li>\r\n<\/ul>\r\n\r\n\r\n\r\n<ul class=\"has-background wp-block-list\" style=\"background-color: #c4c4c4\">\r\n<li><strong>V\u00fdpo\u010dtov\u00e1 zlo\u017eitos\u0165, Organiz\u00e1cia a spracovanie \u00fadajov<\/strong>\u00a0&#8211; ani dne\u0161n\u00e9 v\u00fdpo\u010dtov\u00e9 kapacity nesta\u010dia na v\u0161etky typy probl\u00e9mov a vtedy mus\u00ed nast\u00fapi\u0165 &#8222;\u013eudsk\u00fd rozum&#8220;<\/li>\r\n<\/ul>\r\n\r\n\r\n\r\n<ul class=\"has-background wp-block-list\" style=\"background-color: #e4e4e4\">\r\n<li><strong>Strojov\u00e9 u\u010denie<\/strong> &#8211; auton\u00f3mne a expertn\u00e9 syst\u00e9my si bez strojov\u00e9ho u\u010denia dnes nevieme predstavi\u0165<\/li>\r\n<\/ul>\r\n\r\n\r\n\r\n<ul class=\"has-background wp-block-list\" style=\"background-color: #c4c4c4\">\r\n<li><strong>Markovove procesy a ich aplik\u00e1cie<\/strong><\/li>\r\n<\/ul>\r\n\r\n\r\n\r\n<ul class=\"has-background wp-block-list\" style=\"background-color: #e4e4e4\">\r\n<li><b>Z\u00e1klady znalostn\u00fdch procesov<\/b><\/li>\r\n<\/ul>\r\n\r\n<p>&nbsp;<\/p>\r\n\r\n<h4 id=\"2-rok-studia\" class=\"has-white-color has-text-color has-background wp-block-heading\" style=\"background-color: #00376f\">2. rok \u0161t\u00fadia<\/h4>\r\n\r\n\r\n\r\n<ul class=\"has-background wp-block-list\" style=\"background-color: #c4c4c4\">\r\n<li><strong>Neur\u00f3nov\u00e9 siete<\/strong> &#8211; h\u013abkov\u00e9 neur\u00f3nov\u00e9 siete sl\u00e1via jeden \u00faspech za druh\u00fdm a ka\u017ed\u00fd d\u00e1tov\u00fd analytik ich mus\u00ed ovl\u00e1da\u0165<\/li>\r\n<\/ul>\r\n\r\n\r\n\r\n<ul class=\"has-background wp-block-list\" style=\"background-color: #e4e4e4\">\r\n<li><strong>Klasick\u00e9 a kvantov\u00e9 v\u00fdpo\u010dty <\/strong>&#8211; kvantov\u00e9 po\u010d\u00edta\u010de u\u017e nie s\u00fa utopick\u00fdm snom a na\u0161i absolventi kr\u00e1\u010daj\u00fa s dobou<\/li>\r\n<\/ul>\r\n\r\n\r\n\r\n<ul class=\"has-background wp-block-list\" style=\"background-color: #c4c4c4\">\r\n<li><strong>Aproxima\u010dn\u00e9 a pravdepodobnostn\u00e9 algoritmy <\/strong>&#8211; n\u00e1strojov na rie\u0161enie r\u00f4znych probl\u00e9mov nikdy nie je dos\u0165<\/li>\r\n<\/ul>\r\n\r\n\r\n\r\n<ul class=\"has-background wp-block-list\" style=\"background-color: #e4e4e4\">\r\n<li><strong>Semin\u00e1r z d\u00e1tov\u00e9ho mana\u017ementu II <\/strong>&#8211; pozrieme sa na re\u00e1lne praktick\u00e9 probl\u00e9my v spolupr\u00e1ci s partnermi<\/li>\r\n<\/ul>\r\n\r\n\r\n<hr class=\"wp-block-separator\" \/>\r\n\r\n\r\n<p id=\"ak-ta-zaujima-viac-o-predmetoch-pozri-si-studijny-plan\" class=\"has-white-color has-text-color has-background\" style=\"background-color: #00376f\"><span style=\"color: #ffffff\">Ak \u0165a zauj\u00edma viac o predmetoch, pozri si <a style=\"color: #ffffff\" href=\"https:\/\/studijne-programy.upjs.sk\/program\/ADUIm\" target=\"_blank\" rel=\"noreferrer noopener\" data-type=\"URL\" data-id=\"https:\/\/studijne-programy.upjs.sk\/program\/ADUIm\">\u0161tudijn\u00fd pl\u00e1n<\/a>.<\/span><\/p>\r\n\r\n\r\n<hr class=\"wp-block-separator\" \/>\r\n\r\n\r\n<p class=\"has-background\" style=\"background-color: #f4f4f4\">Okrem toho m\u00e1me k dispoz\u00edcii ponuku \u010fal\u0161\u00edch predmetov z r\u00f4znych vedn\u00fdch oblast\u00ed (nielen na na\u0161ej fakulte), pomocou ktor\u00fdch si \u0161tudent vie vytvori\u0165 <strong>individu\u00e1lny profil<\/strong>.<\/p>\r\n\r\n\r\n\r\n<p class=\"has-background\" style=\"background-color: #f4f4f4\">A ak nie\u010do inde vedia lep\u0161ie alebo to robia inak, tak \u0161tudentovi vytvor\u00edme podmienky na <strong>absolvovanie \u010dasti \u0161t\u00fadia mimo domovskej fakulty<\/strong>.<\/p>\r\n\r\n\r\n<hr class=\"wp-block-separator\" \/>\r\n\r\n\r\n<div class=\"wp-block-buttons is-horizontal is-content-justification-center is-layout-flex wp-container-core-buttons-is-layout-499968f5 wp-block-buttons-is-layout-flex\">\r\n<div class=\"wp-block-button\"><span style=\"color: #ffffff\"><a class=\"wp-block-button__link has-white-color has-text-color has-background\" style=\"background-color: #00376f;color: #ffffff\" href=\"https:\/\/ics.science.upjs.sk\/adui\/faq\/\">FAQ<\/a><\/span><\/div>\r\n<\/div>\r\n\r\n\r\n<hr class=\"wp-block-separator\" \/>\r\n\r\n\r\n<div style=\"text-align: center;width: 100%;min-height: 1px;flex: 0 0 100%;max-width: 100%;padding: 40px 15px 20px 15px\"><a title=\"UPJ\u0160\" href=\"https:\/\/www.upjs.sk\/?prefferedLang=SK\" target=\"_blank\" rel=\"noopener noreferrer\"><img decoding=\"async\" class=\"\" style=\"height: 92px;text-decoration: none\" src=\"https:\/\/ics.science.upjs.sk\/adui\/wp-content\/uploads\/sites\/10\/2020\/03\/upjs_f.png\" width=\"92\" \/><\/a> <a title=\"PF UPJ\u0160\" href=\"https:\/\/www.upjs.sk\/prirodovedecka-fakulta\/?prefferedLang=SK\" target=\"_blank\" rel=\"noopener noreferrer\"><img decoding=\"async\" style=\"padding: 0px;height: 80px;text-decoration: none\" src=\"https:\/\/ics.science.upjs.sk\/adui\/wp-content\/uploads\/sites\/10\/2019\/10\/upjs-logo.png\" \/><\/a> <a title=\"\u00daMAT\" href=\"https:\/\/www.upjs.sk\/prirodovedecka-fakulta\/ustav\/umv\/\" target=\"_blank\" rel=\"noopener noreferrer\"><img decoding=\"async\" style=\"padding: 0px;height: 80px;text-decoration: none\" src=\"https:\/\/ics.science.upjs.sk\/adui\/wp-content\/uploads\/sites\/10\/2022\/11\/ustav-matematiky_v4_farebna_stvorec.png\" \/><\/a> <a title=\"\u00daINF\" href=\"https:\/\/ics.science.upjs.sk\/\" target=\"_blank\" rel=\"noopener noreferrer\"><img decoding=\"async\" style=\"padding: 0px;height: 80px;text-decoration: none\" src=\"https:\/\/ics.science.upjs.sk\/adui\/wp-content\/uploads\/sites\/10\/2023\/01\/ustav-informatiky_v4_farebna_stvorec.png\" \/><\/a><\/div>\r\n<!-- \/wp:post-content --><!-- \/wp:image --><!-- \/wp:paragraph --><!-- \/wp:paragraph -->","protected":false},"excerpt":{"rendered":"<p>\u0160tudijn\u00fd program\u00a0Anal\u00fdza d\u00e1t a umel\u00e1 inteligencia\u00a0je medziodborov\u00fdm \u0161tudijn\u00fdm programom na Pr\u00edrodovedeckej fakulte Univerzity Pavla Jozefa \u0160af\u00e1rika v Ko\u0161iciach, ktor\u00fd v sebe vyv\u00e1\u017eene kombinuje znalosti z oblasti matematiky a informatiky. Medziodborovos\u0165&hellip;<\/p>\n","protected":false},"author":14,"featured_media":0,"parent":0,"menu_order":0,"comment_status":"closed","ping_status":"closed","template":"","meta":{"footnotes":""},"class_list":["post-284","page","type-page","status-publish","hentry"],"_links":{"self":[{"href":"https:\/\/ics.science.upjs.sk\/adui\/wp-json\/wp\/v2\/pages\/284","targetHints":{"allow":["GET"]}}],"collection":[{"href":"https:\/\/ics.science.upjs.sk\/adui\/wp-json\/wp\/v2\/pages"}],"about":[{"href":"https:\/\/ics.science.upjs.sk\/adui\/wp-json\/wp\/v2\/types\/page"}],"author":[{"embeddable":true,"href":"https:\/\/ics.science.upjs.sk\/adui\/wp-json\/wp\/v2\/users\/14"}],"replies":[{"embeddable":true,"href":"https:\/\/ics.science.upjs.sk\/adui\/wp-json\/wp\/v2\/comments?post=284"}],"version-history":[{"count":17,"href":"https:\/\/ics.science.upjs.sk\/adui\/wp-json\/wp\/v2\/pages\/284\/revisions"}],"predecessor-version":[{"id":2428,"href":"https:\/\/ics.science.upjs.sk\/adui\/wp-json\/wp\/v2\/pages\/284\/revisions\/2428"}],"wp:attachment":[{"href":"https:\/\/ics.science.upjs.sk\/adui\/wp-json\/wp\/v2\/media?parent=284"}],"curies":[{"name":"wp","href":"https:\/\/api.w.org\/{rel}","templated":true}]}}