{"id":282,"date":"2020-02-13T08:27:39","date_gmt":"2020-02-13T07:27:39","guid":{"rendered":"https:\/\/ics.science.upjs.sk\/adui\/?page_id=282"},"modified":"2023-11-15T16:24:37","modified_gmt":"2023-11-15T15:24:37","slug":"bakalarske-studium","status":"publish","type":"page","link":"https:\/\/ics.science.upjs.sk\/adui\/bakalarske-studium\/","title":{"rendered":"Bakal\u00e1rske \u0161t\u00fadium"},"content":{"rendered":"\r\n<figure class=\"wp-block-image\"><img fetchpriority=\"high\" decoding=\"async\" width=\"1024\" height=\"422\" class=\"wp-image-172\" src=\"https:\/\/ics.science.upjs.sk\/adui\/wp-content\/uploads\/sites\/10\/2019\/11\/obr1-1024x422.jpg\" alt=\"\" srcset=\"https:\/\/ics.science.upjs.sk\/adui\/wp-content\/uploads\/sites\/10\/2019\/11\/obr1-1024x422.jpg 1024w, https:\/\/ics.science.upjs.sk\/adui\/wp-content\/uploads\/sites\/10\/2019\/11\/obr1-300x124.jpg 300w, https:\/\/ics.science.upjs.sk\/adui\/wp-content\/uploads\/sites\/10\/2019\/11\/obr1-768x316.jpg 768w\" sizes=\"(max-width: 1024px) 100vw, 1024px\" \/><\/figure>\r\n\r\n\r\n\r\n<p class=\"has-background\" style=\"background-color: #f4f4f4\">\u0160tudijn\u00fd program\u00a0<strong>Anal\u00fdza d\u00e1t a umel\u00e1 inteligencia<\/strong>\u00a0je medziodborov\u00fdm \u0161tudijn\u00fdm programom na Pr\u00edrodovedeckej fakulte Univerzity Pavla Jozefa \u0160af\u00e1rika v Ko\u0161iciach, ktor\u00fd v sebe vyv\u00e1\u017eene kombinuje znalosti z oblasti matematiky a informatiky. Medziodborovos\u0165 d\u00e1va absolventovi\u00a0<strong>v\u00e4\u010d\u0161ie mo\u017enosti pri v\u00fdbere nadv\u00e4zuj\u00facich \u0161tudijn\u00fdch programov alebo pri uplatnen\u00ed v praxi<\/strong>.<\/p>\r\n\r\n\r\n\r\n<p class=\"has-background\" style=\"background-color: #f4f4f4\"><span style=\"color: #000000\">Pre podrobnej\u0161ie inform\u00e1cie pozri aj <a style=\"color: #000000\" href=\"https:\/\/studijne-programy.upjs.sk\/prihlaska\/ADUIb?prihlasky=\" target=\"_blank\" rel=\"noreferrer noopener\" aria-label=\" (otvor\u00ed sa v novej karte)\">str\u00e1nku fakulty<\/a>.<\/span><\/p>\r\n\r\n\r\n\r\n<div class=\"wp-block-button aligncenter is-style-fill\"><a class=\"wp-block-button__link has-very-dark-gray-color has-light-green-cyan-background-color has-text-color has-background\" href=\"https:\/\/e-prihlaska.upjs.sk\/\" target=\"_blank\" rel=\"noreferrer noopener\">Podaj si prihl\u00e1\u0161ku tu<\/a><\/div>\r\n\r\n\r\n<hr class=\"wp-block-separator\" \/>\r\n\r\n\r\n<h3 id=\"vyber-z-predmetov\" class=\"has-text-align-center has-black-color has-white-background-color has-text-color has-background wp-block-heading\">V\u00fdber z predmetov<\/h3>\r\n\r\n\r\n\r\n<h4 id=\"1-rok-studia\" class=\"has-white-color has-text-color has-background wp-block-heading\" style=\"background-color: #00376f\">1. rok \u0161t\u00fadia<\/h4>\r\n\r\n\r\n\r\n<ul class=\"has-background wp-block-list\" style=\"background-color: #c4c4c4\">\r\n<li><strong>\u00davod do anal\u00fdzy d\u00e1t, Anal\u00fdza d\u00e1t<\/strong> &#8211; hne\u010f na \u00favod \u0161t\u00fadia z\u00edska \u0161tudent predstavu o tom \u010do bude \u0161tudova\u0165, pre\u010do je to v dne\u0161nej dobe tak potrebn\u00e9, ako a kde sa to d\u00e1 vyu\u017ei\u0165<\/li>\r\n<\/ul>\r\n\r\n\r\n\r\n<ul class=\"has-background wp-block-list\" style=\"background-color: #e4e4e4\">\r\n<li><strong>Algebra I, Algebra II pre informatikov, Funkcia re\u00e1lnej premennej, Funkcia re\u00e1lnych premenn\u00fdch, Matematick\u00e9 z\u00e1klady informatiky<\/strong> &#8211; znalos\u0165 matematiky odli\u0161uje na\u0161ich absolventov od be\u017en\u00fdch pou\u017e\u00edvate\u013eov r\u00f4znych analytick\u00fdch n\u00e1strojov<\/li>\r\n<\/ul>\r\n\r\n\r\n\r\n<ul class=\"has-background wp-block-list\" style=\"background-color: #c4c4c4\">\r\n<li><strong>Programovanie, algoritmy, zlo\u017eitos\u0165<\/strong> &#8211; ani v d\u00e1tovej anal\u00fdze nie je znalos\u0165 programovania na \u0161kodu, d\u00e1ta je potrebn\u00e9 vedie\u0165 spracova\u0165 a pripravi\u0165<\/li>\r\n<\/ul>\r\n\r\n\r\n\r\n<ul class=\"has-background wp-block-list\" style=\"background-color: #e4e4e4\">\r\n<li><strong>Matematick\u00fd softv\u00e9r<\/strong> &#8211; bez po\u010d\u00edta\u010da sa dnes ve\u013ea vec\u00ed spo\u010d\u00edta\u0165 ned\u00e1, softv\u00e9r si v\u0161ak treba vedie\u0165 vybra\u0165 a vedie\u0165 ho efekt\u00edvne pou\u017e\u00edva\u0165<\/li>\r\n<\/ul>\r\n\r\n\r\n\r\n<ul class=\"has-background wp-block-list\" style=\"background-color: #c4c4c4\">\r\n<li><strong>Z\u00e1klady Linuxu <\/strong>&#8211; pr\u00e1ca s in\u00fdm opera\u010dn\u00fdm syst\u00e9mom je obohaten\u00edm ka\u017ed\u00e9ho v IT sf\u00e9re<\/li>\r\n<\/ul>\r\n\r\n<p>&nbsp;<\/p>\r\n\r\n\r\n\r\n\r\n\r\n\r\n\r\n<h4 id=\"2-rok-studia\" class=\"has-white-color has-text-color has-background wp-block-heading\" style=\"background-color: #00376f\">2. rok \u0161t\u00fadia<\/h4>\r\n\r\n\r\n\r\n<ul class=\"has-background wp-block-list\" style=\"background-color: #c4c4c4\">\r\n<li><strong>\u00davod do strojov\u00e9ho u\u010denia<\/strong> &#8211; strojov\u00e9 u\u010denie h\u00fdbe dne\u0161n\u00fdm svetom<\/li>\r\n<\/ul>\r\n\r\n\r\n\r\n<ul class=\"has-background wp-block-list\" style=\"background-color: #e4e4e4\">\r\n<li><strong>Datab\u00e1zov\u00e9 syst\u00e9my pre matematikov <\/strong>&#8211; d\u00e1ta je potrebn\u00e9 niekde ulo\u017ei\u0165 a nau\u010di\u0165 s nimi efekt\u00edvne manipulova\u0165<\/li>\r\n<\/ul>\r\n\r\n\r\n\r\n<ul class=\"has-background wp-block-list\" style=\"background-color: #c4c4c4\">\r\n<li><strong>Line\u00e1rna a celo\u010d\u00edseln\u00e1 optimaliz\u00e1cia, Diskr\u00e9tna matematika I a II <\/strong>&#8211; po rozbehu treba preh\u013abi\u0165 exaktn\u00e9 matematick\u00e9 z\u00e1klady<\/li>\r\n<\/ul>\r\n\r\n\r\n\r\n<ul class=\"has-background wp-block-list\" style=\"background-color: #e4e4e4\">\r\n<li><strong>\u00davod do informa\u010dnej bezpe\u010dnosti<\/strong> &#8211; s d\u00e1tami treba nar\u00e1ba\u0165 opatrne<\/li>\r\n<\/ul>\r\n\r\n\r\n\r\n<ul class=\"has-background wp-block-list\" style=\"background-color: #c4c4c4\">\r\n<li><strong>Automaty a form\u00e1lne jazyky<\/strong> &#8211; programovacie jazyky sa menia, princ\u00edpy zost\u00e1vaj\u00fa<\/li>\r\n<\/ul>\r\n\r\n\r\n\r\n<ul class=\"has-background wp-block-list\" style=\"background-color: #e4e4e4\">\r\n<li><strong>Programovanie v Pythone pre pokro\u010dil\u00fdch <\/strong>&#8211; dr\u017e\u00edme krok s dobou a s\u00fa\u010dasn\u00fdmi trendmi<\/li>\r\n<\/ul>\r\n\r\n\r\n\r\n<ul class=\"has-background wp-block-list\" style=\"background-color: #c4c4c4\">\r\n<li><strong>Te\u00f3ria pravdepodobnosti<\/strong> &#8211; ve\u013ea vec\u00ed okolo n\u00e1s sa nespr\u00e1va deterministicky<\/li>\r\n<\/ul>\r\n\r\n\r\n\r\n<ul class=\"has-background wp-block-list\" style=\"background-color: #e4e4e4\">\r\n<li><strong>Projekt d\u00e1tovej anal\u00fdzy I<\/strong>\u00a0&#8211; praktick\u00e9 sk\u00fasenosti zo \u017eivotn\u00e9ho cyklu spracovania s\u00fa na nezaplatenie<\/li>\r\n<\/ul>\r\n\r\n<p>&nbsp;<\/p>\r\n\r\n<h4 id=\"3-rok-studia\" class=\"has-white-color has-text-color has-background wp-block-heading\" style=\"background-color: #00376f\">3. rok \u0161t\u00fadia<\/h4>\r\n\r\n\r\n\r\n<ul class=\"has-background wp-block-list\" style=\"background-color: #c4c4c4\">\r\n<li><strong>Anal\u00fdza obrazu<\/strong><\/li>\r\n<\/ul>\r\n\r\n\r\n\r\n<ul class=\"has-background wp-block-list\" style=\"background-color: #e4e4e4\">\r\n<li><strong>Matematick\u00e1 \u0161tatistika<\/strong> &#8211; ani klasick\u00e9 met\u00f3dy d\u00e1tovej anal\u00fdzy &#8222;e\u0161te nepovedali posledn\u00e9 slovo&#8220;<\/li>\r\n<\/ul>\r\n\r\n\r\n\r\n<ul class=\"has-background wp-block-list\" style=\"background-color: #c4c4c4\">\r\n<li><strong>Projekt d\u00e1tovej anal\u00fdzy II <\/strong>&#8211; praktick\u00fdch sk\u00fasenost\u00ed nikdy nie je dos\u0165<\/li>\r\n<\/ul>\r\n\r\n\r\n\r\n<ul class=\"has-background wp-block-list\" style=\"background-color: #e4e4e4\">\r\n<li><strong>Numerick\u00e9 met\u00f3dy<\/strong> &#8211; nie v\u0161etko sa d\u00e1 vypo\u010d\u00edta\u0165 presne, re\u00e1lny \u017eivot v\u0161ak o\u010dak\u00e1va rie\u0161enia<\/li>\r\n<\/ul>\r\n\r\n\r\n\r\n<ul class=\"has-background wp-block-list\" style=\"background-color: #c4c4c4\">\r\n<li><strong>Funkcion\u00e1lne programovanie<\/strong>\u00a0&#8211; na ka\u017ed\u00fd probl\u00e9m sa treba vedie\u0165 pozrie\u0165 z viacer\u00fdch str\u00e1n<\/li>\r\n<\/ul>\r\n\r\n\r\n\r\n<ul class=\"has-background wp-block-list\" style=\"background-color: #e4e4e4\">\r\n<li><strong>\u00davod do neur\u00f3nov\u00fdch siet\u00ed\u00a0<\/strong>&#8211;\u00a0\u0161tudenti nahliadn\u00fa do sveta predikovania r\u00f4znych situ\u00e1ci\u00ed<\/li>\r\n<\/ul>\r\n\r\n\r\n\r\n<ul class=\"has-background wp-block-list\" style=\"background-color: #c4c4c4\">\r\n<li><strong>Technol\u00f3gie spracovania ve\u013ek\u00fdch d\u00e1t<\/strong> &#8211; o ve\u013ek\u00fdch d\u00e1tach kadekto hovor\u00ed, ale na\u0161i absolventi maj\u00fa sk\u00fasenosti aj z ve\u013ek\u00fdch korpor\u00e1tov (Google, Facebook, T-Systems, &#8230;)<\/li>\r\n<\/ul>\r\n\r\n\r\n\r\n<ul class=\"has-background wp-block-list\" style=\"background-color: #e4e4e4\">\r\n<li><strong>Vybran\u00e9 aplik\u00e1cie d\u00e1tovej anal\u00fdzy<\/strong> &#8211; anal\u00fdza d\u00e1t a umel\u00e1 inteligencia m\u00e1 uplatnenie v astron\u00f3mii, jadrovej fyzike, bioinformatike, geografick\u00fdch informa\u010dn\u00fdch syst\u00e9mov, &#8230; &#8211; my na to m\u00e1me odborn\u00edkov<\/li>\r\n<\/ul>\r\n\r\n\r\n<!-- \/wp:post-content -->\r\n\r\n<!-- wp:heading {\"textAlign\":\"center\",\"level\":3,\"backgroundColor\":\"white\",\"textColor\":\"black\"} \/-->\r\n\r\n<!-- wp:separator --><hr class=\"wp-block-separator\" \/><!-- \/wp:separator -->\r\n\r\n<!-- wp:paragraph {\"style\":{\"color\":{\"background\":\"#00376f\"}},\"textColor\":\"white\"} -->\r\n<p class=\"has-white-color has-text-color has-background\" style=\"background-color: #00376f\"><span style=\"color: #ffffff\">Ak \u0165a zauj\u00edma viac o predmetoch, ktor\u00e9 \u0165a \u010dakaj\u00fa, pozri si kompletn\u00fd <a style=\"color: #ffffff\" href=\"https:\/\/studijne-programy.upjs.sk\/program\/ADUIb\" target=\"_blank\" rel=\"noreferrer noopener\" data-type=\"URL\" data-id=\"https:\/\/studijne-programy.upjs.sk\/program\/ADUIb\">\u0161tudijn\u00fd pl\u00e1n<\/a>.<\/span><\/p>\r\n<!-- \/wp:paragraph -->\r\n\r\n<!-- wp:separator --><hr class=\"wp-block-separator\" \/><!-- \/wp:separator -->\r\n\r\n<!-- wp:paragraph {\"style\":{\"color\":{\"background\":\"#f4f4f4\"}}} -->\r\n<p class=\"has-background\" style=\"background-color: #f4f4f4\">Okrem toho m\u00e1me k dispoz\u00edcii ponuku \u010fal\u0161\u00edch predmetov z r\u00f4znych vedn\u00fdch oblast\u00ed (nielen na na\u0161ej fakulte), pomocou ktor\u00fdch si \u0161tudent vie vytvori\u0165 <strong>individu\u00e1lny profil<\/strong>.<\/p>\r\n<!-- \/wp:paragraph -->\r\n\r\n<!-- wp:paragraph {\"style\":{\"color\":{\"background\":\"#f4f4f4\"}}} -->\r\n<p class=\"has-background\" style=\"background-color: #f4f4f4\">A ak nie\u010do inde vedia lep\u0161ie alebo to robia inak, tak \u0161tudentovi vytvor\u00edme podmienky na <strong>absolvovanie \u010dasti \u0161t\u00fadia mimo domovskej fakulty<\/strong>.<\/p>\r\n<!-- \/wp:paragraph -->\r\n\r\n<!-- wp:separator --><hr class=\"wp-block-separator\" \/><!-- \/wp:separator -->\r\n\r\n<!-- wp:buttons {\"layout\":{\"type\":\"flex\",\"justifyContent\":\"center\",\"orientation\":\"horizontal\"}} -->\r\n<div class=\"wp-block-buttons\"><!-- wp:button {\"style\":{\"color\":{\"background\":\"#00376f\"}}} -->\r\n<div class=\"wp-block-button\" style=\"text-align: center\"><span style=\"color: #ffffff\"><a class=\"wp-block-button__link has-background\" style=\"background-color: #00376f;color: #ffffff\" href=\"https:\/\/ics.science.upjs.sk\/adui\/faq\/\">FAQ<\/a><\/span><\/div>\r\n<!-- \/wp:button --><\/div>\r\n<!-- \/wp:buttons -->\r\n\r\n<!-- wp:separator --><hr class=\"wp-block-separator\" \/><!-- \/wp:separator -->\r\n\r\n<!-- wp:cover {\"url\":\"https:\/\/ics.science.upjs.sk\/adui\/wp-content\/uploads\/sites\/10\/2019\/11\/obr2-1024x483.jpg\",\"id\":173,\"dimRatio\":20,\"minHeight\":83,\"minHeightUnit\":\"px\",\"contentPosition\":\"center center\",\"style\":{\"color\":[]}} -->\r\n<div class=\"wp-block-cover\" style=\"min-height: 83px\"><img decoding=\"async\" width=\"1024\" height=\"483\" class=\"wp-block-cover__image-background wp-image-173\" src=\"https:\/\/ics.science.upjs.sk\/adui\/wp-content\/uploads\/sites\/10\/2019\/11\/obr2-1024x483.jpg\" alt=\"\" data-object-fit=\"cover\" srcset=\"https:\/\/ics.science.upjs.sk\/adui\/wp-content\/uploads\/sites\/10\/2019\/11\/obr2-1024x483.jpg 1024w, https:\/\/ics.science.upjs.sk\/adui\/wp-content\/uploads\/sites\/10\/2019\/11\/obr2-300x141.jpg 300w, https:\/\/ics.science.upjs.sk\/adui\/wp-content\/uploads\/sites\/10\/2019\/11\/obr2-768x362.jpg 768w\" sizes=\"(max-width: 1024px) 100vw, 1024px\" \/>\r\n<div class=\"wp-block-cover__inner-container\"><!-- wp:paragraph {\"align\":\"center\",\"style\":{\"typography\":{\"fontSize\":\"28px\"}},\"textColor\":\"white\"} -->\r\n<p class=\"has-text-align-center has-white-color has-text-color\" style=\"font-size: 28px\"><span style=\"color: #ffffff\"><strong><a style=\"color: #ffffff\" href=\"https:\/\/ics.science.upjs.sk\/adui\/magisterske-studium\/\" data-type=\"URL\" data-id=\"https:\/\/ics.science.upjs.sk\/adui\/magisterske-studium\/\">Magistersk\u00fd stupe\u0148<\/a><\/strong><\/span><\/p>\r\n<!-- \/wp:paragraph --><\/div>\r\n<\/div>\r\n<!-- \/wp:cover -->\r\n\r\n<!-- wp:separator --><hr class=\"wp-block-separator\" \/><!-- \/wp:separator -->\r\n\r\n<!-- wp:html -->\r\n<div style=\"text-align: center;width: 100%;min-height: 1px;flex: 0 0 100%;max-width: 100%;padding: 40px 15px 20px 15px\"><a title=\"UPJ\u0160\" href=\"https:\/\/www.upjs.sk\/?prefferedLang=SK\" target=\"_blank\" rel=\"noopener noreferrer\"><img decoding=\"async\" class=\"\" style=\"height: 92px;text-decoration: none\" src=\"https:\/\/ics.science.upjs.sk\/adui\/wp-content\/uploads\/sites\/10\/2020\/03\/upjs_f.png\" width=\"92\" \/><\/a> <a title=\"PF UPJ\u0160\" href=\"https:\/\/www.upjs.sk\/prirodovedecka-fakulta\/?prefferedLang=SK\" target=\"_blank\" rel=\"noopener noreferrer\"><img decoding=\"async\" style=\"padding: 0px;height: 80px;text-decoration: none\" src=\"https:\/\/ics.science.upjs.sk\/adui\/wp-content\/uploads\/sites\/10\/2019\/10\/upjs-logo.png\" \/><\/a> <a title=\"\u00daMAT\" href=\"https:\/\/www.upjs.sk\/prirodovedecka-fakulta\/ustav\/umv\/\" target=\"_blank\" rel=\"noopener noreferrer\"><img decoding=\"async\" style=\"padding: 0px;height: 80px;text-decoration: none\" src=\"https:\/\/ics.science.upjs.sk\/adui\/wp-content\/uploads\/sites\/10\/2022\/11\/ustav-matematiky_v4_farebna_stvorec.png\" \/><\/a> <a title=\"\u00daINF\" href=\"https:\/\/ics.science.upjs.sk\/\" target=\"_blank\" rel=\"noopener noreferrer\"><img decoding=\"async\" style=\"padding: 0px;height: 80px;text-decoration: none\" src=\"https:\/\/ics.science.upjs.sk\/adui\/wp-content\/uploads\/sites\/10\/2023\/01\/ustav-informatiky_v4_farebna_stvorec.png\" \/><\/a><\/div>\r\n<!-- \/wp:html --><!-- \/wp:image --><!-- \/wp:image --><!-- \/wp:paragraph --><!-- \/wp:paragraph -->","protected":false},"excerpt":{"rendered":"<p>\u0160tudijn\u00fd program\u00a0Anal\u00fdza d\u00e1t a umel\u00e1 inteligencia\u00a0je medziodborov\u00fdm \u0161tudijn\u00fdm programom na Pr\u00edrodovedeckej fakulte Univerzity Pavla Jozefa \u0160af\u00e1rika v Ko\u0161iciach, ktor\u00fd v sebe vyv\u00e1\u017eene kombinuje znalosti z oblasti matematiky a informatiky. Medziodborovos\u0165&hellip;<\/p>\n","protected":false},"author":14,"featured_media":0,"parent":0,"menu_order":0,"comment_status":"closed","ping_status":"closed","template":"","meta":{"footnotes":""},"class_list":["post-282","page","type-page","status-publish","hentry"],"_links":{"self":[{"href":"https:\/\/ics.science.upjs.sk\/adui\/wp-json\/wp\/v2\/pages\/282","targetHints":{"allow":["GET"]}}],"collection":[{"href":"https:\/\/ics.science.upjs.sk\/adui\/wp-json\/wp\/v2\/pages"}],"about":[{"href":"https:\/\/ics.science.upjs.sk\/adui\/wp-json\/wp\/v2\/types\/page"}],"author":[{"embeddable":true,"href":"https:\/\/ics.science.upjs.sk\/adui\/wp-json\/wp\/v2\/users\/14"}],"replies":[{"embeddable":true,"href":"https:\/\/ics.science.upjs.sk\/adui\/wp-json\/wp\/v2\/comments?post=282"}],"version-history":[{"count":24,"href":"https:\/\/ics.science.upjs.sk\/adui\/wp-json\/wp\/v2\/pages\/282\/revisions"}],"predecessor-version":[{"id":2876,"href":"https:\/\/ics.science.upjs.sk\/adui\/wp-json\/wp\/v2\/pages\/282\/revisions\/2876"}],"wp:attachment":[{"href":"https:\/\/ics.science.upjs.sk\/adui\/wp-json\/wp\/v2\/media?parent=282"}],"curies":[{"name":"wp","href":"https:\/\/api.w.org\/{rel}","templated":true}]}}