{"id":2584,"date":"2025-01-02T16:34:13","date_gmt":"2025-01-02T15:34:13","guid":{"rendered":"https:\/\/ics.science.upjs.sk\/adui\/?page_id=2584"},"modified":"2025-02-25T09:49:40","modified_gmt":"2025-02-25T08:49:40","slug":"dataday-5","status":"publish","type":"page","link":"https:\/\/ics.science.upjs.sk\/adui\/dataday-5\/","title":{"rendered":"DataDay 5"},"content":{"rendered":"\r\n<figure class=\"wp-block-image size-large\"><img fetchpriority=\"high\" decoding=\"async\" class=\"alignnone wp-image-1452 size-full\" src=\"https:\/\/ics.science.upjs.sk\/adui\/wp-content\/uploads\/sites\/10\/2025\/01\/DAM_fb_titulka.png\" alt=\"\" width=\"1640\" height=\"924\" \/><\/figure>\r\n\r\n\r\n\r\n<p class=\"has-background\" style=\"background-color: #e0e0e0\" data-darkreader-inline-bgcolor=\"\"><strong>Fotogal\u00e9riu<\/strong> z DataDay 5 si m\u00f4\u017eete pozrie\u0165 <a href=\"https:\/\/ics.science.upjs.sk\/adui\/dataday-5-fotogaleria\/\" target=\"_blank\" rel=\"noopener\">tu<\/a>.<\/p>\r\n\r\n\r\n\r\n<p class=\"has-background\" style=\"background-color: #e0e0e0\" data-darkreader-inline-bgcolor=\"\"><strong>Stredo\u0161kol\u00e1ci pozor!<\/strong> Viete programova\u0165? Bavia V\u00e1s d\u00e1ta ako napr\u00edklad obr\u00e1zky, grafy, volebn\u00e9 prieskumy, a pr\u00e1ca s nimi? M\u00e1te radi problem-solving \u010di len chcete vedie\u0165, ako vyu\u017e\u00edva\u0165 umel\u00fa inteligenciu? M\u00e1me tu v porad\u00ed u\u017e <strong>piaty DataDay<\/strong>, kde to v\u0161etko m\u00f4\u017eete za\u017ei\u0165.<\/p>\r\n\r\n\r\n\r\n<p class=\"has-background\" style=\"background-color: #e0e0e0\" data-darkreader-inline-bgcolor=\"\">\u010cakaj\u00fa V\u00e1s zauj\u00edmav\u00e9 workshopy, predn\u00e1\u0161ka o najnov\u0161\u00edch trendoch d\u00e1tovej vedy, d\u00e1tov\u00e9 modelovanie, interakt\u00edvne vytv\u00e1ranie inteligentn\u00fdch syst\u00e9mov, kv\u00edz, pizza, nov\u00ed \u013eudia a omnoho viac. To v\u0161etko m\u00f4\u017eete za\u017ei\u0165 u\u017e <strong>15. febru\u00e1ra 2025<\/strong>, tak si to ur\u010dite nenechajte ujs\u0165! Potrebn\u00e9 inform\u00e1cie budeme priebe\u017ene dop\u013a\u0148a\u0165. Plag\u00e1t akcie si m\u00f4\u017eete stiahnu\u0165 <a href=\"https:\/\/ics.science.upjs.sk\/adui\/wp-content\/uploads\/sites\/10\/2025\/01\/DataDay_5_plagat.pdf\" target=\"_blank\" rel=\"noopener\">tu<\/a>. Preto sledujte t\u00fato str\u00e1nku a n\u00e1\u0161 <a href=\"https:\/\/www.facebook.com\/DAMupjs\" target=\"_blank\" rel=\"noopener\">facebook<\/a>.<\/p>\r\n\r\n\r\n\r\n\r\n<div class=\"wp-block-spacer\" style=\"height: 50px\" aria-hidden=\"true\">\u00a0<\/div>\r\n\r\n\r\n\r\n<h4 id=\"2-rok-studia\" class=\"has-white-color has-text-color has-background wp-block-heading\" style=\"background-color: #000000;text-align: center\" data-darkreader-inline-bgcolor=\"\">KEDY A KDE?<\/h4>\r\n\r\n\r\n\r\n<figure class=\"wp-block-image size-large\"><img decoding=\"async\" class=\"aligncenter wp-image-1335 size-large\" src=\"https:\/\/ics.science.upjs.sk\/adui\/wp-content\/uploads\/sites\/10\/2025\/01\/Dataday5_KedyKde.png\" alt=\"\" width=\"900\" height=\"507\" \/><\/figure>\r\n\r\n<div class=\"wp-block-spacer\" style=\"height: 20px\" aria-hidden=\"true\">\u00a0<\/div>\r\n\r\n\r\n\r\n<h4 id=\"2-rok-studia\" class=\"has-white-color has-text-color has-background wp-block-heading\" style=\"background-color: #000000;text-align: center\" data-darkreader-inline-bgcolor=\"\">PROGRAM<\/h4>\r\n\r\n\r\n\r\n<figure class=\"wp-block-image size-large\"><img decoding=\"async\" class=\"aligncenter wp-image-1335\" src=\"https:\/\/ics.science.upjs.sk\/adui\/wp-content\/uploads\/sites\/10\/2025\/02\/DAM_fb_story.png\" alt=\"\" width=\"550\" height=\"310\" \/><\/figure>\r\n\r\n\r\n\r\n<figure class=\"wp-block-image size-large\"><\/figure>\r\n\r\n\r\n\r\n<h4 id=\"2-rok-studia\" class=\"has-white-color has-text-color has-background wp-block-heading\" style=\"background-color: #000000;text-align: center\" data-darkreader-inline-bgcolor=\"\">PREDN\u00c1\u0160KA<\/h4>\r\n\r\n<div class=\"wp-block-media-text alignwide is-stacked-on-mobile\" style=\"grid-template-columns: 43% auto\">\r\n<figure class=\"wp-block-media-text__media\"><img loading=\"lazy\" decoding=\"async\" class=\"alignnone wp-image-1370 size-full\" src=\"https:\/\/ics.science.upjs.sk\/adui\/wp-content\/uploads\/sites\/10\/2024\/12\/DataDay5_like.png\" alt=\"\" width=\"4792\" height=\"3728\" \/><\/figure>\r\n<div class=\"wp-block-media-text__content\">\r\n<p><strong>Genetick\u00e9 algoritmy pri v\u00fdrobe ocele.<\/strong><\/p>\r\n\r\n\r\n\r\n<p class=\"has-small-font-size\" style=\"text-align: left\">Uk\u00e1\u017eeme ako sa pr\u00edrodn\u00e9 javy m\u00f4\u017eu aplikova\u0165 v informatick\u00fdch syst\u00e9moch. Ako pr\u00edklad uvedieme nasadenie v oceliarni.<\/p>\r\n<\/div>\r\n<\/div>\r\n\r\n\r\n\r\n<h4 id=\"2-rok-studia\" class=\"has-white-color has-text-color has-background wp-block-heading\" style=\"background-color: #000000;text-align: center\" data-darkreader-inline-bgcolor=\"\">WORKSHOPY<\/h4>\r\n\r\n\r\n\r\n<div class=\"wp-block-media-text alignwide has-media-on-the-right is-stacked-on-mobile\" style=\"grid-template-columns: auto 43%\">\r\n<figure class=\"wp-block-media-text__media\"><img loading=\"lazy\" decoding=\"async\" class=\"alignnone wp-image-1371 size-full\" src=\"https:\/\/ics.science.upjs.sk\/adui\/wp-content\/uploads\/sites\/10\/2024\/12\/DataDay5_otazky.png\" alt=\"\" width=\"4792\" height=\"3728\" \/><\/figure>\r\n<div class=\"wp-block-media-text__content\">\r\n<p><strong>Ako n\u00e1m rozumie chatbot?<\/strong><\/p>\r\n\r\n\r\n\r\n<p class=\"has-small-font-size\" style=\"text-align: left\">Ka\u017ed\u00fd u\u017e asi pou\u017e\u00edva chatbot a vie ako funguje. Kto v\u0161ak tu\u0161\u00ed ako chatbot rozumie n\u00e1m? Na na\u0161om workshope si sk\u00fasite previes\u0165 text z \u013eudskej re\u010di na \u010d\u00edsla zrozumite\u013en\u00e9 pre chatbot.<\/p>\r\n<\/div>\r\n<\/div>\r\n\r\n\r\n\r\n<div class=\"wp-block-media-text alignwide is-stacked-on-mobile\" style=\"grid-template-columns: 43% auto\">\r\n<figure class=\"wp-block-media-text__media\"><img loading=\"lazy\" decoding=\"async\" class=\"alignnone wp-image-1370 size-full\" src=\"https:\/\/ics.science.upjs.sk\/adui\/wp-content\/uploads\/sites\/10\/2024\/12\/DataDay5_prehlad.png\" alt=\"\" width=\"4792\" height=\"3728\" \/><\/figure>\r\n<div class=\"wp-block-media-text__content\">\r\n<p><strong>Schv\u00e1li\u0165 alebo neschv\u00e1li\u0165 p\u00f4\u017ei\u010dku?<\/strong><\/p>\r\n\r\n\r\n\r\n<p class=\"has-small-font-size\" style=\"text-align: left\">Na workshope si vysk\u00fa\u0161ate, ak\u00e9 je to by\u0165 v ko\u017ei banky a rozhodova\u0165 o tom, komu udeli\u0165 p\u00f4\u017ei\u010dku. Na z\u00e1klade r\u00f4znych d\u00e1t o klientoch si sk\u00fasite zostavi\u0165 \u0161tatistick\u00fd model, ktor\u00fd V\u00e1m pom\u00f4\u017ee pri rozhodovan\u00ed.<\/p>\r\n<\/div>\r\n<\/div>\r\n\r\n\r\n\r\n<div class=\"wp-block-media-text alignwide has-media-on-the-right is-stacked-on-mobile\" style=\"grid-template-columns: auto 43%\">\r\n<figure class=\"wp-block-media-text__media\"><img loading=\"lazy\" decoding=\"async\" class=\"alignnone wp-image-1371 size-full\" src=\"https:\/\/ics.science.upjs.sk\/adui\/wp-content\/uploads\/sites\/10\/2024\/12\/DataDay5_otazky2.png\" alt=\"\" width=\"4792\" height=\"3728\" \/><\/figure>\r\n<div class=\"wp-block-media-text__content\">\r\n<p><strong>Business intelligence &#8211; ako n\u00e1m d\u00e1ta pom\u00e1haj\u00fa rozhodova\u0165 sa<\/strong><\/p>\r\n\r\n\r\n\r\n<p class=\"has-small-font-size\" style=\"text-align: left\">Tento workshop sa zameriava na to, ako n\u00e1m d\u00e1ta pom\u00e1haj\u00fa identifikova\u0165 \u010fal\u0161ie kroky a optimalizova\u0165 na\u0161e procesy. Presk\u00famame, ak\u00e9 typy d\u00e1t s\u00fa pre n\u00e1s najcennej\u0161ie a ako ich efekt\u00edvne analyzova\u0165, aby sme maximalizovali ich pr\u00ednos pre na\u0161e rozhodovanie.<\/p>\r\n<\/div>\r\n<\/div>\r\n\r\n\r\n\r\n<div class=\"wp-block-media-text alignwide is-stacked-on-mobile\" style=\"grid-template-columns: 43% auto\">\r\n<figure class=\"wp-block-media-text__media\"><img loading=\"lazy\" decoding=\"async\" class=\"alignnone wp-image-1370 size-full\" src=\"https:\/\/ics.science.upjs.sk\/adui\/wp-content\/uploads\/sites\/10\/2025\/01\/natrenuj_neuron.png\" alt=\"\" width=\"4792\" height=\"3728\" \/><\/figure>\r\n<div class=\"wp-block-media-text__content\">\r\n<p><strong>Natr\u00e9nuj si vlastn\u00fa neuronov\u00fa sie\u0165<\/strong><\/p>\r\n\r\n\r\n\r\n<p class=\"has-small-font-size\" style=\"text-align: left\">\u010co je to neur\u00f3nov\u00e1 sie\u0165? Vedel\/a si, \u017ee sa d\u00e1 dokonca natr\u00e9nova\u0165 pod\u013ea tvojich pokynov? Na tomto workshope si vysk\u00fa\u0161a\u0161 vytr\u00e9nova\u0165 po\u010d\u00edta\u010d tak, aby vedel rozpozna\u0165 r\u00f4zne predmety, pr\u00edpadne zvuky \u010di gest\u00e1. A to v\u0161etko aj bez programovania.<\/p>\r\n<\/div>\r\n<\/div>\r\n\r\n\r\n\r\n<div class=\"wp-block-media-text alignwide has-media-on-the-right is-stacked-on-mobile\" style=\"grid-template-columns: auto 43%\">\r\n<figure class=\"wp-block-media-text__media\"><img loading=\"lazy\" decoding=\"async\" class=\"alignnone wp-image-1371 size-full\" src=\"https:\/\/ics.science.upjs.sk\/adui\/wp-content\/uploads\/sites\/10\/2025\/01\/soc_siete.png\" alt=\"\" width=\"4792\" height=\"3728\" \/><\/figure>\r\n<div class=\"wp-block-media-text__content\">\r\n<p><strong>Som pr\u00edli\u0161 \u010dasto na soci\u00e1lnej sieti?<\/strong><\/p>\r\n\r\n\r\n\r\n<p class=\"has-small-font-size\" style=\"text-align: left\">\u010co hovoria d\u00e1ta o na\u0161ej aktivite na soci\u00e1lnych sie\u0165ach? \u00a0Na to sa pozrieme na tomto workshope, kde sa pok\u00fasime d\u00e1ta zanalyzova\u0165 pomocou Pythonu a Google Colabu. Pouk\u00e1\u017eeme na pojem empirickej pravdepodobnosti, resp. relat\u00edvnej po\u010detnosti nejakej sk\u00famanej udalosti, ktor\u00e1 sa pou\u017e\u00edva aj v met\u00f3dach strojov\u00e9ho u\u010denia.<\/p>\r\n<\/div>\r\n<\/div>\r\n\r\n\r\n\r\n<div class=\"wp-block-spacer\" style=\"height: 40px\" aria-hidden=\"true\">\u00a0<\/div>\r\n\r\n\r\n\r\n<h4 id=\"2-rok-studia\" class=\"has-white-color has-text-color has-background wp-block-heading\" style=\"background-color: #000000;text-align: center\" data-darkreader-inline-bgcolor=\"\">FAQ<\/h4>\r\n\r\n\r\n\r\n<div class=\"wp-block-columns are-vertically-aligned-top is-layout-flex wp-container-core-columns-is-layout-9d6595d7 wp-block-columns-is-layout-flex\">\r\n<div class=\"wp-block-column is-vertically-aligned-top is-layout-flow wp-block-column-is-layout-flow\" style=\"flex-basis: 33.33%\">\r\n<p class=\"has-white-color has-text-color has-background has-medium-font-size\" style=\"background-color: #b0b0b0\" data-darkreader-inline-bgcolor=\"\"><strong>Pre\u010do je DataDay 5 v sobotu?<\/strong><\/p>\r\n<\/div>\r\n\r\n\r\n\r\n<div class=\"wp-block-column is-vertically-aligned-top is-layout-flow wp-block-column-is-layout-flow\" style=\"flex-basis: 66.66%\">\r\n<p class=\"has-text-align-left has-black-color has-text-color has-background\" style=\"background-color: #e0e0e0\" data-darkreader-inline-bgcolor=\"\">Akcia je ur\u010den\u00e1 v\u0161etk\u00fdm stredo\u0161kol\u00e1kom, ktor\u00ed radi rozm\u00fd\u0161\u013eaj\u00fa a objavuj\u00fa nov\u00e9 veci, a to nielen cez \u0161kolsk\u00fd t\u00fd\u017ede\u0148. Workshopy bud\u00fa veden\u00e9 skvel\u00fdmi \u013eu\u010fmi z univerzity aj z ko\u0161ick\u00fdch firiem.<\/p>\r\n<\/div>\r\n<\/div>\r\n\r\n\r\n\r\n<div class=\"wp-block-columns are-vertically-aligned-top is-layout-flex wp-container-core-columns-is-layout-9d6595d7 wp-block-columns-is-layout-flex\">\r\n<div class=\"wp-block-column is-vertically-aligned-top is-layout-flow wp-block-column-is-layout-flow\" style=\"flex-basis: 33.33%\">\r\n<p class=\"has-white-color has-text-color has-background has-medium-font-size\" style=\"background-color: #b0b0b0\" data-darkreader-inline-bgcolor=\"\"><strong>\u010co si m\u00e1m so sebou prinies\u0165?<\/strong><\/p>\r\n<\/div>\r\n\r\n\r\n\r\n<div class=\"wp-block-column is-vertically-aligned-top is-layout-flow wp-block-column-is-layout-flow\" style=\"flex-basis: 66.66%\">\r\n<p class=\"has-text-align-left has-black-color has-text-color has-background\" style=\"background-color: #e0e0e0\" data-darkreader-inline-bgcolor=\"\">Prineste si hlavne dobr\u00fa n\u00e1ladu. Ak radi rob\u00edte na svojom notebooku, doneste si aj ten. Nie je to v\u0161ak nutn\u00e9 &#8211; ak nebudete ma\u0165 notebook, workshopy bud\u00fa v po\u010d\u00edta\u010dov\u00fdch miestnostiach, kde budete ma\u0165 k dispoz\u00edcii po\u010d\u00edta\u010d.<\/p>\r\n<\/div>\r\n<\/div>\r\n\r\n\r\n\r\n<div class=\"wp-block-spacer\" style=\"height: 50px\" aria-hidden=\"true\">\u00a0<\/div>\r\n\r\n<p>&nbsp;<\/p>\r\n\r\n<h4 id=\"2-rok-studia\" class=\"has-white-color has-text-color has-background wp-block-heading\" style=\"background-color: #000000;text-align: center\" data-darkreader-inline-bgcolor=\"\">ORGANIZ\u00c1TORI<\/h4>\r\n\r\n\r\n\r\n<div class=\"wp-block-columns is-layout-flex wp-container-core-columns-is-layout-9d6595d7 wp-block-columns-is-layout-flex\">\r\n<div class=\"wp-block-column is-layout-flow wp-block-column-is-layout-flow\">\r\n<figure class=\"wp-block-image size-medium\"><a href=\"https:\/\/www.upjs.sk\/prirodovedecka-fakulta\/\" target=\"_blank\" rel=\"noopener\"><img loading=\"lazy\" decoding=\"async\" class=\"alignnone wp-image-2493\" src=\"https:\/\/ics.science.upjs.sk\/adui\/wp-content\/uploads\/sites\/10\/2022\/12\/PriF_color.png\" alt=\"\" width=\"687\" height=\"611\" \/><\/a><\/figure>\r\n<\/div>\r\n\r\n\r\n\r\n<div class=\"wp-block-column is-layout-flow wp-block-column-is-layout-flow\">\r\n<figure class=\"wp-block-image size-medium\"><a href=\"https:\/\/www.kosiceitvalley.sk\/\" target=\"_blank\" rel=\"noopener\"><img loading=\"lazy\" decoding=\"async\" class=\"alignnone wp-image-2493\" src=\"https:\/\/ics.science.upjs.sk\/adui\/wp-content\/uploads\/sites\/10\/2022\/12\/it-valley_na-vysku_farebne-1.png\" alt=\"\" width=\"1554\" height=\"1663\" \/><\/a><\/figure>\r\n<\/div>\r\n<\/div>\r\n\r\n\r\n\r\n\r\n<h4 id=\"2-rok-studia\" class=\"has-white-color has-text-color has-background wp-block-heading\" style=\"background-color: #000000;text-align: center\" data-darkreader-inline-bgcolor=\"\">PARTNERI<\/h4>\r\n\r\n\r\n\r\n<div class=\"wp-block-columns is-layout-flex wp-container-core-columns-is-layout-9d6595d7 wp-block-columns-is-layout-flex\">\r\n<div class=\"wp-block-column is-layout-flow wp-block-column-is-layout-flow\">\r\n<figure class=\"wp-block-image size-medium\"><a href=\"https:\/\/www.infobip.com\/\" target=\"_blank\" rel=\"noopener\"><img loading=\"lazy\" decoding=\"async\" class=\"alignnone wp-image-2493\" src=\"https:\/\/ics.science.upjs.sk\/adui\/wp-content\/uploads\/sites\/10\/2025\/01\/01_Infobip_logo_secondary_rgb_color.png\" alt=\"\" width=\"640\" height=\"588\" \/><\/a><\/figure>\r\n<\/div>\r\n\r\n\r\n\r\n<div class=\"wp-block-column is-layout-flow wp-block-column-is-layout-flow\">\r\n<figure class=\"wp-block-image size-medium\"><a href=\"https:\/\/slovakia.zurich.com\/sk-sk\" target=\"_blank\" rel=\"noopener\"><img loading=\"lazy\" decoding=\"async\" class=\"alignnone wp-image-2493\" src=\"https:\/\/ics.science.upjs.sk\/adui\/wp-content\/uploads\/sites\/10\/2025\/01\/Zurich_Logo_Vert_Blue_RGBwith-\u00ae1.png\" alt=\"\" width=\"753\" height=\"569\" \/><\/a><\/figure>\r\n<\/div>\r\n\r\n\r\n\r\n\r\n<div class=\"wp-block-column is-layout-flow wp-block-column-is-layout-flow\">\r\n<figure class=\"wp-block-image size-medium\"><a href=\"https:\/\/www.usske.sk\/\" target=\"_blank\" rel=\"noopener\"><img loading=\"lazy\" decoding=\"async\" class=\"alignnone wp-image-2493\" src=\"https:\/\/ics.science.upjs.sk\/adui\/wp-content\/uploads\/sites\/10\/2025\/01\/uss_logo_40.jpg\" alt=\"\" width=\"753\" height=\"569\" \/><\/a><\/figure>\r\n<\/div>\r\n<\/div>\r\n\r\n\r\n\r\n\r\n<h4 id=\"2-rok-studia\" class=\"has-white-color has-text-color has-background wp-block-heading\" style=\"background-color: #000000;text-align: center\" data-darkreader-inline-bgcolor=\"\">PREDCH\u00c1DZAJ\u00daCE AKCIE<\/h4>\r\n\r\n\r\n\r\n<div class=\"wp-block-columns is-layout-flex wp-container-core-columns-is-layout-9d6595d7 wp-block-columns-is-layout-flex\">\r\n<div class=\"wp-block-column is-layout-flow wp-block-column-is-layout-flow\">\r\n<p class=\"has-text-align-center has-white-color has-text-color has-background\" style=\"background-color: #e0e0e0\"><a href=\"https:\/\/cyberawareness.sk\/cybersecurityday\/\" target=\"_blank\" rel=\"noreferrer noopener\">Jarn\u00fd CyberSecurityDay 2022<\/a><\/p>\r\n<p class=\"has-text-align-center has-white-color has-text-color has-background\" style=\"background-color: #e0e0e0\"><a href=\"https:\/\/cyberawareness.sk\/jesenny-cybersecurity-day-2022\/\" target=\"_blank\" rel=\"noreferrer noopener\">Jesenn\u00fd CyberSecurityDay 2022<\/a><\/p>\r\n\r\n<p class=\"has-text-align-center has-white-color has-text-color has-background\" style=\"background-color: #e0e0e0\"><a href=\"https:\/\/cyberawareness.sk\/jarny-cybersecurityday-2023\/\" target=\"_blank\" rel=\"noreferrer noopener\">Jarn\u00fd CyberSecurityDay 2023<\/a><\/p>\r\n<p class=\"has-text-align-center has-white-color has-text-color has-background\" style=\"background-color: #e0e0e0\"><a href=\"https:\/\/cyberawareness.sk\/jesenny-cybersecurityday-2023\/\" target=\"_blank\" rel=\"noreferrer noopener\">Jesenn\u00fd CyberSecurityDay 2023<\/a><\/p>\r\n<p class=\"has-text-align-center has-white-color has-text-color has-background\" style=\"background-color: #e0e0e0\"><a href=\"https:\/\/cyberawareness.sk\/letny-cybersecurityday-2024\/\" target=\"_blank\" rel=\"noreferrer noopener\">Letn\u00fd CyberSecurityDay 2024<\/a><\/p>\r\n<\/div>\r\n\r\n\r\n\r\n<div class=\"wp-block-column is-layout-flow wp-block-column-is-layout-flow\">\r\n<p class=\"has-text-align-center has-white-color has-text-color has-background\" style=\"background-color: #e0e0e0\"><a href=\"https:\/\/ics.science.upjs.sk\/adui\/dataday\/\" target=\"_blank\" rel=\"noreferrer noopener\">DataDay 1<\/a><\/p>\r\n<p class=\"has-text-align-center has-white-color has-text-color has-background\" style=\"background-color: #e0e0e0\"><a href=\"https:\/\/ics.science.upjs.sk\/adui\/dataday2\/\" target=\"_blank\" rel=\"noreferrer noopener\">DataDay 2<\/a><\/p>\r\n\r\n<p class=\"has-text-align-center has-white-color has-text-color has-background\" style=\"background-color: #e0e0e0\"><a href=\"https:\/\/ics.science.upjs.sk\/adui\/christmasdatasecurityday\/\" target=\"_blank\" rel=\"noreferrer noopener\">Christmas Data&amp;Security Day<\/a><\/p>\r\n\r\n<p class=\"has-text-align-center has-white-color has-text-color has-background\" style=\"background-color: #e0e0e0\"><a href=\"https:\/\/ics.science.upjs.sk\/adui\/dataday3\/\" target=\"_blank\" rel=\"noreferrer noopener\">DataDay 3<\/a><\/p>\r\n\r\n<p class=\"has-text-align-center has-white-color has-text-color has-background\" style=\"background-color: #e0e0e0\"><a href=\"https:\/\/ics.science.upjs.sk\/adui\/dataday4\/\" target=\"_blank\" rel=\"noreferrer noopener\">DataDay 4<\/a><\/p>\r\n<\/div>\r\n<\/div>\r\n<div class=\"wp-block-column\">\r\n<div class=\"wp-block-columns\">\r\n<div style=\"text-align: center;width: 100%;min-height: 1px;flex: 0 0 100%;max-width: 100%;padding: 40px 15px 20px 15px\">\u00a0<\/div>\r\n<\/div>\r\n\r\n<p>&nbsp;<\/p>\r\n<hr class=\"wp-block-separator\" \/>\r\n\r\n<p>Viac o DAM-e n\u00e1jdete <a href=\"https:\/\/dam.science.upjs.sk\/index.html\" target=\"_blank\" rel=\"noopener\">tu<\/a>.<\/p><br><br>\r\n\r\n\r\n<p>&nbsp;<\/p>\r\n<div style=\"text-align: center;width: 100%;min-height: 1px;flex: 0 0 100%;max-width: 100%;padding: 40px 15px 20px 15px\"><a title=\"UPJ\u0160\" href=\"https:\/\/www.upjs.sk\/?prefferedLang=SK\" target=\"_blank\" rel=\"noopener noreferrer\"><img decoding=\"async\" class=\"\" style=\"height: 92px;text-decoration: none\" src=\"https:\/\/ics.science.upjs.sk\/adui\/wp-content\/uploads\/sites\/10\/2020\/03\/upjs_f.png\" width=\"92\" \/><\/a> <a title=\"PF UPJ\u0160\" href=\"https:\/\/www.upjs.sk\/prirodovedecka-fakulta\/?prefferedLang=SK\" target=\"_blank\" rel=\"noopener noreferrer\"><img decoding=\"async\" style=\"padding: 0px;height: 80px;text-decoration: none\" src=\"https:\/\/ics.science.upjs.sk\/adui\/wp-content\/uploads\/sites\/10\/2019\/10\/upjs-logo.png\" \/><\/a> <a title=\"\u00daMAT\" href=\"https:\/\/www.upjs.sk\/prirodovedecka-fakulta\/ustav\/umv\/\" target=\"_blank\" rel=\"noopener noreferrer\"><img decoding=\"async\" style=\"padding: 0px;height: 80px;text-decoration: none\" src=\"https:\/\/ics.science.upjs.sk\/adui\/wp-content\/uploads\/sites\/10\/2022\/11\/ustav-matematiky_v4_farebna_stvorec.png\" \/><\/a> <a title=\"\u00daINF\" href=\"https:\/\/ics.science.upjs.sk\/\" target=\"_blank\" rel=\"noopener noreferrer\"><img decoding=\"async\" style=\"padding: 0px;height: 80px;text-decoration: none\" src=\"https:\/\/ics.science.upjs.sk\/adui\/wp-content\/uploads\/sites\/10\/2023\/01\/ustav-informatiky_v4_farebna_stvorec.png\" \/><\/a><\/div>\r\n<\/div>\r\n","protected":false},"excerpt":{"rendered":"<p>Fotogal\u00e9riu z DataDay 5 si m\u00f4\u017eete pozrie\u0165 tu. Stredo\u0161kol\u00e1ci pozor! Viete programova\u0165? Bavia V\u00e1s d\u00e1ta ako napr\u00edklad obr\u00e1zky, grafy, volebn\u00e9 prieskumy, a pr\u00e1ca s nimi? M\u00e1te radi problem-solving \u010di len&hellip;<\/p>\n","protected":false},"author":33,"featured_media":0,"parent":0,"menu_order":0,"comment_status":"closed","ping_status":"closed","template":"","meta":{"footnotes":""},"class_list":["post-2584","page","type-page","status-publish","hentry"],"_links":{"self":[{"href":"https:\/\/ics.science.upjs.sk\/adui\/wp-json\/wp\/v2\/pages\/2584","targetHints":{"allow":["GET"]}}],"collection":[{"href":"https:\/\/ics.science.upjs.sk\/adui\/wp-json\/wp\/v2\/pages"}],"about":[{"href":"https:\/\/ics.science.upjs.sk\/adui\/wp-json\/wp\/v2\/types\/page"}],"author":[{"embeddable":true,"href":"https:\/\/ics.science.upjs.sk\/adui\/wp-json\/wp\/v2\/users\/33"}],"replies":[{"embeddable":true,"href":"https:\/\/ics.science.upjs.sk\/adui\/wp-json\/wp\/v2\/comments?post=2584"}],"version-history":[{"count":42,"href":"https:\/\/ics.science.upjs.sk\/adui\/wp-json\/wp\/v2\/pages\/2584\/revisions"}],"predecessor-version":[{"id":2769,"href":"https:\/\/ics.science.upjs.sk\/adui\/wp-json\/wp\/v2\/pages\/2584\/revisions\/2769"}],"wp:attachment":[{"href":"https:\/\/ics.science.upjs.sk\/adui\/wp-json\/wp\/v2\/media?parent=2584"}],"curies":[{"name":"wp","href":"https:\/\/api.w.org\/{rel}","templated":true}]}}