{"id":143,"date":"2019-11-04T15:17:23","date_gmt":"2019-11-04T14:17:23","guid":{"rendered":"https:\/\/ics.science.upjs.sk\/adui\/?page_id=143"},"modified":"2023-01-04T20:13:52","modified_gmt":"2023-01-04T19:13:52","slug":"program","status":"publish","type":"page","link":"https:\/\/ics.science.upjs.sk\/adui\/program\/","title":{"rendered":"\u0160t\u00fadium"},"content":{"rendered":"\r\n<p class=\"has-background\" style=\"background-color: #f4f4f4\">\u0160tudijn\u00fd program\u00a0<strong>Anal\u00fdza d\u00e1t a umel\u00e1 inteligencia<\/strong>\u00a0je medziodborov\u00fdm \u0161tudijn\u00fdm programom na Pr\u00edrodovedeckej fakulte Univerzity Pavla Jozefa \u0160af\u00e1rika v Ko\u0161iciach, ktor\u00fd v sebe vyv\u00e1\u017eene kombinuje znalosti z oblasti matematiky a informatiky. Medziodborovos\u0165 d\u00e1va absolventovi\u00a0<strong>v\u00e4\u010d\u0161ie mo\u017enosti pri v\u00fdbere nadv\u00e4zuj\u00facich \u0161tudijn\u00fdch programov alebo pri uplatnen\u00ed v praxi<\/strong>.<\/p>\r\n\r\n\r\n\r\n<p class=\"has-background\" style=\"background-color: #f4f4f4\"><span style=\"color: #000000\">Pre podrobnej\u0161ie inform\u00e1cie pozri aj <a style=\"color: #000000\" href=\"https:\/\/www.upjs.sk\/prirodovedecka-fakulta\/informacie-pre-zaujemcov-o-studium\/studium\/ADUIb\/\" target=\"_blank\" rel=\"noreferrer noopener\" aria-label=\" (otvor\u00ed sa v novej karte)\">str\u00e1nku fakulty<\/a>.<\/span><\/p>\r\n\r\n\r\n\r\n<div class=\"wp-block-button aligncenter\"><a class=\"wp-block-button__link has-very-dark-gray-color has-light-green-cyan-background-color has-text-color has-background\" href=\"https:\/\/e-prihlaska.upjs.sk\/\" target=\"_blank\" rel=\"noreferrer noopener\">Podaj si prihl\u00e1\u0161ku tu<\/a><\/div>\r\n\r\n\r\n<hr class=\"wp-block-separator\" \/>\r\n\r\n\r\n<div class=\"wp-block-cover\" style=\"min-height: 300px;aspect-ratio:unset;\"><img fetchpriority=\"high\" decoding=\"async\" width=\"1024\" height=\"422\" class=\"wp-block-cover__image-background wp-image-172\" src=\"https:\/\/ics.science.upjs.sk\/adui\/wp-content\/uploads\/sites\/10\/2019\/11\/obr1-1024x422.jpg\" alt=\"\" data-object-fit=\"cover\" srcset=\"https:\/\/ics.science.upjs.sk\/adui\/wp-content\/uploads\/sites\/10\/2019\/11\/obr1-1024x422.jpg 1024w, https:\/\/ics.science.upjs.sk\/adui\/wp-content\/uploads\/sites\/10\/2019\/11\/obr1-300x124.jpg 300w, https:\/\/ics.science.upjs.sk\/adui\/wp-content\/uploads\/sites\/10\/2019\/11\/obr1-768x316.jpg 768w\" sizes=\"(max-width: 1024px) 100vw, 1024px\" \/>\r\n<div class=\"wp-block-cover__inner-container is-layout-flow wp-block-cover-is-layout-flow\">\r\n<p class=\"has-text-align-center has-white-color has-text-color\" style=\"font-size: 30px\"><span style=\"color: #ffffff\"><strong><a style=\"color: #ffffff\" href=\"https:\/\/ics.science.upjs.sk\/adui\/bakalarske-studium\/\" data-type=\"URL\" data-id=\"https:\/\/ics.science.upjs.sk\/adui\/bakalarske-studium\/\">Bakal\u00e1rsky stupe\u0148<\/a><\/strong><\/span><\/p>\r\n<\/div>\r\n<\/div>\r\n\r\n\r\n\r\n<div class=\"wp-block-spacer\" style=\"height: 25px\" aria-hidden=\"true\">\u00a0<\/div>\r\n\r\n\r\n\r\n<div class=\"wp-block-cover\" style=\"min-height: 300px;aspect-ratio:unset;\"><img decoding=\"async\" width=\"1024\" height=\"483\" class=\"wp-block-cover__image-background wp-image-173\" src=\"https:\/\/ics.science.upjs.sk\/adui\/wp-content\/uploads\/sites\/10\/2019\/11\/obr2-1024x483.jpg\" alt=\"\" data-object-fit=\"cover\" srcset=\"https:\/\/ics.science.upjs.sk\/adui\/wp-content\/uploads\/sites\/10\/2019\/11\/obr2-1024x483.jpg 1024w, https:\/\/ics.science.upjs.sk\/adui\/wp-content\/uploads\/sites\/10\/2019\/11\/obr2-300x141.jpg 300w, https:\/\/ics.science.upjs.sk\/adui\/wp-content\/uploads\/sites\/10\/2019\/11\/obr2-768x362.jpg 768w\" sizes=\"(max-width: 1024px) 100vw, 1024px\" \/>\r\n<div class=\"wp-block-cover__inner-container is-layout-flow wp-block-cover-is-layout-flow\">\r\n<p class=\"has-text-align-center has-white-color has-text-color\" style=\"font-size: 28px\"><span style=\"color: #ffffff\"><strong><a style=\"color: #ffffff\" href=\"https:\/\/ics.science.upjs.sk\/adui\/magisterske-studium\/\" data-type=\"URL\" data-id=\"https:\/\/ics.science.upjs.sk\/adui\/magisterske-studium\/\">Magistersk\u00fd stupe\u0148<\/a><\/strong><\/span><\/p>\r\n<\/div>\r\n<\/div>\r\n\r\n\r\n<hr class=\"wp-block-separator\" \/>\r\n\r\n\r\n<p class=\"has-black-color has-text-color has-background\" style=\"background-color: #e4e4e4\"><span style=\"color: #000000\">Ak \u0165a zauj\u00edma viac o predmetoch, pozri si <a style=\"color: #000000\" href=\"https:\/\/studijne-programy.upjs.sk\/program\/ADUIb\" target=\"_blank\" rel=\"noreferrer noopener\" data-type=\"URL\" data-id=\"https:\/\/studijne-programy.upjs.sk\/program\/ADUIb\"><strong>\u0161tudijn\u00fd pl\u00e1n<\/strong><\/a> pre bakal\u00e1rsky stupe\u0148, alebo <strong><a style=\"color: #000000\" href=\"https:\/\/studijne-programy.upjs.sk\/program\/ADUIm\" target=\"_blank\" rel=\"noreferrer noopener\" data-type=\"URL\" data-id=\"https:\/\/studijne-programy.upjs.sk\/program\/ADUIm\">\u0161tudijn\u00fd pl\u00e1n<\/a> <\/strong>pre magistersk\u00fd stupe\u0148.<\/span><\/p>\r\n\r\n\r\n<hr class=\"wp-block-separator\" \/>\r\n\r\n\r\n<p class=\"has-background\" style=\"background-color: #f4f4f4\">Okrem toho m\u00e1me k dispoz\u00edcii ponuku \u010fal\u0161\u00edch predmetov z r\u00f4znych vedn\u00fdch oblast\u00ed (nielen na na\u0161ej fakulte), pomocou ktor\u00fdch si \u0161tudent vie vytvori\u0165 <strong>individu\u00e1lny profil<\/strong>.<\/p>\r\n\r\n\r\n\r\n<p class=\"has-background\" style=\"background-color: #f4f4f4\">A ak nie\u010do inde vedia lep\u0161ie alebo to robia inak, tak \u0161tudentovi vytvor\u00edme podmienky na <strong>absolvovanie \u010dasti \u0161t\u00fadia mimo domovskej fakulty<\/strong>.<\/p>\r\n\r\n\r\n<hr class=\"wp-block-separator\" \/>\r\n\r\n\r\n<div class=\"wp-block-buttons is-horizontal is-content-justification-center is-layout-flex wp-container-core-buttons-is-layout-499968f5 wp-block-buttons-is-layout-flex\">\r\n<div class=\"wp-block-button\"><span style=\"color: #ffffff\"><a class=\"wp-block-button__link has-white-color has-text-color has-background\" style=\"background-color: #00376f;color: #ffffff\" href=\"https:\/\/ics.science.upjs.sk\/adui\/faq\/\">FAQ<\/a><\/span><\/div>\r\n<\/div>\r\n\r\n\r\n<hr class=\"wp-block-separator\" \/>\r\n\r\n\r\n<div style=\"text-align: center;width: 100%;min-height: 1px;flex: 0 0 100%;max-width: 100%;padding: 40px 15px 20px 15px\"><a title=\"UPJ\u0160\" href=\"https:\/\/www.upjs.sk\/?prefferedLang=SK\" target=\"_blank\" rel=\"noopener noreferrer\"><img decoding=\"async\" class=\"\" style=\"height: 92px;text-decoration: none\" src=\"https:\/\/ics.science.upjs.sk\/adui\/wp-content\/uploads\/sites\/10\/2020\/03\/upjs_f.png\" width=\"92\" \/><\/a> <a title=\"PF UPJ\u0160\" href=\"https:\/\/www.upjs.sk\/prirodovedecka-fakulta\/?prefferedLang=SK\" target=\"_blank\" rel=\"noopener noreferrer\"><img decoding=\"async\" style=\"padding: 0px;height: 80px;text-decoration: none\" src=\"https:\/\/ics.science.upjs.sk\/adui\/wp-content\/uploads\/sites\/10\/2019\/10\/upjs-logo.png\" \/><\/a> <a title=\"\u00daMAT\" href=\"https:\/\/www.upjs.sk\/prirodovedecka-fakulta\/ustav\/umv\/\" target=\"_blank\" rel=\"noopener noreferrer\"><img decoding=\"async\" style=\"padding: 0px;height: 80px;text-decoration: none\" src=\"https:\/\/ics.science.upjs.sk\/adui\/wp-content\/uploads\/sites\/10\/2022\/11\/ustav-matematiky_v4_farebna_stvorec.png\" \/><\/a> <a title=\"\u00daINF\" href=\"https:\/\/ics.science.upjs.sk\/\" target=\"_blank\" rel=\"noopener noreferrer\"><img decoding=\"async\" style=\"padding: 0px;height: 80px;text-decoration: none\" src=\"https:\/\/ics.science.upjs.sk\/adui\/wp-content\/uploads\/sites\/10\/2023\/01\/ustav-informatiky_v4_farebna_stvorec.png\" \/><\/a><\/div>\r\n<!-- \/wp:post-content --><!-- \/wp:image --><!-- \/wp:paragraph --><!-- \/wp:paragraph -->","protected":false},"excerpt":{"rendered":"<p>\u0160tudijn\u00fd program\u00a0Anal\u00fdza d\u00e1t a umel\u00e1 inteligencia\u00a0je medziodborov\u00fdm \u0161tudijn\u00fdm programom na Pr\u00edrodovedeckej fakulte Univerzity Pavla Jozefa \u0160af\u00e1rika v Ko\u0161iciach, ktor\u00fd v sebe vyv\u00e1\u017eene kombinuje znalosti z oblasti matematiky a informatiky. Medziodborovos\u0165&hellip;<\/p>\n","protected":false},"author":10,"featured_media":0,"parent":0,"menu_order":0,"comment_status":"closed","ping_status":"closed","template":"","meta":{"footnotes":""},"class_list":["post-143","page","type-page","status-publish","hentry"],"_links":{"self":[{"href":"https:\/\/ics.science.upjs.sk\/adui\/wp-json\/wp\/v2\/pages\/143","targetHints":{"allow":["GET"]}}],"collection":[{"href":"https:\/\/ics.science.upjs.sk\/adui\/wp-json\/wp\/v2\/pages"}],"about":[{"href":"https:\/\/ics.science.upjs.sk\/adui\/wp-json\/wp\/v2\/types\/page"}],"author":[{"embeddable":true,"href":"https:\/\/ics.science.upjs.sk\/adui\/wp-json\/wp\/v2\/users\/10"}],"replies":[{"embeddable":true,"href":"https:\/\/ics.science.upjs.sk\/adui\/wp-json\/wp\/v2\/comments?post=143"}],"version-history":[{"count":50,"href":"https:\/\/ics.science.upjs.sk\/adui\/wp-json\/wp\/v2\/pages\/143\/revisions"}],"predecessor-version":[{"id":1608,"href":"https:\/\/ics.science.upjs.sk\/adui\/wp-json\/wp\/v2\/pages\/143\/revisions\/1608"}],"wp:attachment":[{"href":"https:\/\/ics.science.upjs.sk\/adui\/wp-json\/wp\/v2\/media?parent=143"}],"curies":[{"name":"wp","href":"https:\/\/api.w.org\/{rel}","templated":true}]}}